Last updated on 2024-05-02 04:00:34 CEST.
Flavor | Version | Tinstall | Tcheck | Ttotal | Status | Flags |
---|---|---|---|---|---|---|
r-devel-linux-x86_64-debian-clang | 0.3.2 | 16.64 | 93.23 | 109.87 | OK | |
r-devel-linux-x86_64-debian-gcc | 0.3.2 | 11.58 | 69.43 | 81.01 | OK | |
r-devel-linux-x86_64-fedora-clang | 0.3.2 | 193.19 | OK | |||
r-devel-linux-x86_64-fedora-gcc | 0.3.2 | 197.69 | OK | |||
r-devel-windows-x86_64 | 0.3.2 | 17.00 | 105.00 | 122.00 | OK | |
r-patched-linux-x86_64 | 0.3.1 | 15.62 | 86.89 | 102.51 | NOTE | |
r-release-linux-x86_64 | 0.3.1 | 9.05 | 86.12 | 95.17 | NOTE | |
r-release-macos-arm64 | 0.3.2 | 81.00 | OK | |||
r-release-macos-x86_64 | 0.3.2 | 165.00 | OK | |||
r-release-windows-x86_64 | 0.3.2 | 15.00 | 99.00 | 114.00 | OK | |
r-oldrel-macos-arm64 | 0.3.2 | 87.00 | OK | |||
r-oldrel-macos-x86_64 | 0.3.2 | 140.00 | OK | |||
r-oldrel-windows-x86_64 | 0.3.2 | 20.00 | 109.00 | 129.00 | OK |
Version: 0.3.1
Check: Rd files
Result: NOTE
checkRd: (-1) AppDriver.Rd:1087: Lost braces; missing escapes or markup?
1087 | _snaps/{variant}/{test.md}\verb{, so }variant` must be a single
| ^
checkRd: (-1) AppDriver.Rd:1087: Lost braces; missing escapes or markup?
1087 | _snaps/{variant}/{test.md}\verb{, so }variant` must be a single
| ^
Flavors: r-patched-linux-x86_64, r-release-linux-x86_64