Last updated on 2024-05-02 04:00:34 CEST.
Flavor | Version | Tinstall | Tcheck | Ttotal | Status | Flags |
---|---|---|---|---|---|---|
r-devel-linux-x86_64-debian-clang | 2.1.0 | 2.84 | 40.03 | 42.87 | NOTE | |
r-devel-linux-x86_64-debian-gcc | 2.1.0 | 2.37 | 30.71 | 33.08 | NOTE | |
r-devel-linux-x86_64-fedora-gcc | 2.1.0 | 66.26 | NOTE | |||
r-devel-windows-x86_64 | 2.1.0 | 4.00 | 61.00 | 65.00 | NOTE | |
r-patched-linux-x86_64 | 2.1.0 | 3.87 | 38.62 | 42.49 | NOTE | |
r-release-linux-x86_64 | 2.1.0 | 2.16 | 38.16 | 40.32 | NOTE | |
r-release-macos-arm64 | 2.1.0 | 37.00 | NOTE | |||
r-release-windows-x86_64 | 2.1.0 | 4.00 | 60.00 | 64.00 | NOTE | |
r-oldrel-macos-arm64 | 2.1.0 | 35.00 | OK | |||
r-oldrel-macos-x86_64 | 2.1.0 | 46.00 | OK | |||
r-oldrel-windows-x86_64 | 2.1.0 | 6.00 | 61.00 | 67.00 | OK |
Version: 2.1.0
Check: Rd files
Result: NOTE
checkRd: (-1) shinyjs-defunct.Rd:18: Lost braces in \itemize; meant \describe ?
checkRd: (-1) shinyjs-defunct.Rd:19: Lost braces in \itemize; meant \describe ?
checkRd: (-1) shinyjs-defunct.Rd:20: Lost braces in \itemize; meant \describe ?
Flavors: r-devel-linux-x86_64-debian-clang, r-devel-linux-x86_64-debian-gcc, r-devel-linux-x86_64-fedora-gcc, r-devel-windows-x86_64, r-patched-linux-x86_64, r-release-linux-x86_64, r-release-macos-arm64, r-release-windows-x86_64