Last updated on 2025-02-06 05:49:21 CET.
Flavor | Version | Tinstall | Tcheck | Ttotal | Status | Flags |
---|---|---|---|---|---|---|
r-devel-linux-x86_64-debian-clang | 0.0.2 | 4.45 | 40.29 | 44.74 | NOTE | |
r-devel-linux-x86_64-debian-gcc | 0.0.2 | 3.33 | 30.21 | 33.54 | NOTE | |
r-devel-linux-x86_64-fedora-clang | 0.0.2 | 74.73 | OK | |||
r-devel-linux-x86_64-fedora-gcc | 0.0.2 | 80.05 | OK | |||
r-devel-windows-x86_64 | 0.0.2 | 6.00 | 62.00 | 68.00 | NOTE | |
r-patched-linux-x86_64 | 0.0.2 | 10.31 | 38.27 | 48.58 | OK | |
r-release-linux-x86_64 | 0.0.2 | 4.27 | 38.66 | 42.93 | OK | |
r-release-macos-arm64 | 0.0.2 | 31.00 | OK | |||
r-release-macos-x86_64 | 0.0.2 | 45.00 | OK | |||
r-release-windows-x86_64 | 0.0.2 | 5.00 | 59.00 | 64.00 | OK | |
r-oldrel-macos-arm64 | 0.0.2 | 29.00 | OK | |||
r-oldrel-macos-x86_64 | 0.0.2 | 53.00 | OK | |||
r-oldrel-windows-x86_64 | 0.0.2 | 8.00 | 67.00 | 75.00 | OK |
Version: 0.0.2
Check: Rd cross-references
Result: NOTE
Found the following Rd file(s) with Rd \link{} targets missing package
anchors:
connect_sqlite.Rd: RSQLite, DBI
create_schema.Rd: RSQLite, DBI
db.read_table.Rd: DBI, tibble
db.write_table.Rd: DBI
shinynotes.Rd: DBI
Please provide package anchors for all Rd \link{} targets not in the
package itself and the base packages.
Flavors: r-devel-linux-x86_64-debian-clang, r-devel-linux-x86_64-debian-gcc, r-devel-windows-x86_64