Last updated on 2025-10-09 05:51:10 CEST.
Flavor | Version | Tinstall | Tcheck | Ttotal | Status | Flags |
---|---|---|---|---|---|---|
r-devel-linux-x86_64-debian-clang | 1.2.0 | 4.00 | 37.99 | 41.99 | OK | |
r-devel-linux-x86_64-debian-gcc | 1.2.0 | 3.69 | 28.92 | 32.61 | OK | |
r-devel-linux-x86_64-fedora-clang | 1.2.0 | 63.06 | OK | |||
r-devel-linux-x86_64-fedora-gcc | 1.2.0 | 60.49 | OK | |||
r-devel-windows-x86_64 | 1.2.0 | 9.00 | 55.00 | 64.00 | OK | |
r-patched-linux-x86_64 | 1.2.0 | 4.39 | 36.54 | 40.93 | OK | |
r-release-linux-x86_64 | 1.2.0 | 4.10 | 36.32 | 40.42 | OK | |
r-release-macos-arm64 | 1.2.0 | 26.00 | OK | |||
r-release-macos-x86_64 | 1.2.0 | 39.00 | OK | |||
r-release-windows-x86_64 | 1.2.0 | 9.00 | 54.00 | 63.00 | OK | |
r-oldrel-macos-arm64 | 1.2.0 | 24.00 | NOTE | |||
r-oldrel-macos-x86_64 | 1.2.0 | 34.00 | NOTE | |||
r-oldrel-windows-x86_64 | 1.2.0 | 9.00 | 64.00 | 73.00 | NOTE |
Version: 1.2.0
Check: installed package size
Result: NOTE
installed size is 7.7Mb
sub-directories of 1Mb or more:
www 7.6Mb
Flavors: r-oldrel-macos-arm64, r-oldrel-macos-x86_64, r-oldrel-windows-x86_64