Last updated on 2025-07-25 05:49:33 CEST.
Flavor | Version | Tinstall | Tcheck | Ttotal | Status | Flags |
---|---|---|---|---|---|---|
r-devel-linux-x86_64-debian-clang | 1.1.0 | 8.53 | 70.33 | 78.86 | NOTE | |
r-devel-linux-x86_64-debian-gcc | 1.1.0 | 6.43 | 51.61 | 58.04 | NOTE | |
r-devel-linux-x86_64-fedora-clang | 1.1.0 | 125.71 | OK | |||
r-devel-linux-x86_64-fedora-gcc | 1.1.0 | 113.94 | OK | |||
r-devel-windows-x86_64 | 1.1.0 | 13.00 | 78.00 | 91.00 | OK | |
r-patched-linux-x86_64 | 1.1.0 | 7.76 | 65.76 | 73.52 | OK | |
r-release-linux-x86_64 | 1.1.0 | 8.42 | 65.93 | 74.35 | OK | |
r-release-macos-arm64 | 1.1.0 | 46.00 | OK | |||
r-release-macos-x86_64 | 1.1.0 | 67.00 | OK | |||
r-release-windows-x86_64 | 1.1.0 | 11.00 | 78.00 | 89.00 | OK | |
r-oldrel-macos-arm64 | 1.1.0 | 36.00 | OK | |||
r-oldrel-macos-x86_64 | 1.1.0 | 81.00 | OK | |||
r-oldrel-windows-x86_64 | 1.1.0 | 14.00 | 102.00 | 116.00 | OK |
Version: 1.1.0
Check: CRAN incoming feasibility
Result: NOTE
Maintainer: ‘Giancarlo Vercellino <giancarlo.vercellino@gmail.com>’
No Authors@R field in DESCRIPTION.
Please add one, modifying
Authors@R: person(given = "Giancarlo",
family = "Vercellino",
role = c("aut", "cre"),
email = "giancarlo.vercellino@gmail.com")
as necessary.
Flavors: r-devel-linux-x86_64-debian-clang, r-devel-linux-x86_64-debian-gcc