Last updated on 2024-05-02 04:00:34 CEST.
Flavor | Version | Tinstall | Tcheck | Ttotal | Status | Flags |
---|---|---|---|---|---|---|
r-devel-linux-x86_64-debian-clang | 0.1.2 | 34.46 | 96.70 | 131.16 | OK | |
r-devel-linux-x86_64-debian-gcc | 0.1.2 | 26.24 | 70.95 | 97.19 | OK | |
r-devel-linux-x86_64-fedora-clang | 0.1.2 | 174.32 | NOTE | |||
r-devel-linux-x86_64-fedora-gcc | 0.1.2 | 174.50 | NOTE | |||
r-devel-windows-x86_64 | 0.1.2 | 26.00 | 118.00 | 144.00 | OK | |
r-patched-linux-x86_64 | 0.1.2 | 31.87 | 88.01 | 119.88 | OK | |
r-release-linux-x86_64 | 0.1.2 | 31.44 | 90.69 | 122.13 | OK | |
r-release-macos-arm64 | 0.1.2 | 54.00 | OK | |||
r-release-windows-x86_64 | 0.1.2 | 25.00 | 116.00 | 141.00 | OK | |
r-oldrel-macos-arm64 | 0.1.2 | 61.00 | NOTE | |||
r-oldrel-macos-x86_64 | 0.1.2 | 95.00 | NOTE | |||
r-oldrel-windows-x86_64 | 0.1.2 | 24.00 | 131.00 | 155.00 | OK |
Version: 0.1.2
Check: package dependencies
Result: NOTE
Packages suggested but not available for checking:
'flowMerge', 'flowClust', 'flowCore'
Flavors: r-devel-linux-x86_64-fedora-clang, r-devel-linux-x86_64-fedora-gcc, r-oldrel-macos-arm64, r-oldrel-macos-x86_64
Version: 0.1.2
Check: Rd cross-references
Result: NOTE
Packages unavailable to check Rd xrefs: ‘flowClust’, ‘flowMerge’
Flavors: r-devel-linux-x86_64-fedora-clang, r-devel-linux-x86_64-fedora-gcc, r-oldrel-macos-arm64, r-oldrel-macos-x86_64