Last updated on 2024-05-02 04:00:34 CEST.
Flavor | Version | Tinstall | Tcheck | Ttotal | Status | Flags |
---|---|---|---|---|---|---|
r-devel-linux-x86_64-debian-clang | 0.3.3 | 71.11 | 163.22 | 234.33 | OK | |
r-devel-linux-x86_64-debian-gcc | 0.3.3 | 56.67 | 120.83 | 177.50 | OK | |
r-devel-linux-x86_64-fedora-clang | 0.3.3 | 322.06 | OK | |||
r-devel-linux-x86_64-fedora-gcc | 0.3.3 | 322.12 | OK | |||
r-devel-windows-x86_64 | 0.3.3 | 58.00 | 174.00 | 232.00 | OK | |
r-patched-linux-x86_64 | 0.3.1 | 70.43 | 150.28 | 220.71 | NOTE | |
r-release-linux-x86_64 | 0.3.3 | 68.23 | 155.95 | 224.18 | OK | |
r-release-macos-arm64 | 0.3.3 | 100.00 | OK | |||
r-release-macos-x86_64 | 0.3.3 | 220.00 | OK | |||
r-release-windows-x86_64 | 0.3.3 | 55.00 | 170.00 | 225.00 | OK | |
r-oldrel-macos-arm64 | 0.3.3 | 97.00 | OK | |||
r-oldrel-macos-x86_64 | 0.3.3 | 186.00 | OK | |||
r-oldrel-windows-x86_64 | 0.3.3 | 72.00 | 207.00 | 279.00 | OK |
Version: 0.3.1
Check: Rd files
Result: NOTE
checkRd: (-1) Gmixt_simultanee.Rd:21: Lost braces
21 | { \\sum{p=1 -> P} log( \\pi{p} f( y{ij} ; \\theta{p} ) ) }
| ^
checkRd: (-1) Gmixt_simultanee.Rd:21: Lost braces
21 | { \\sum{p=1 -> P} log( \\pi{p} f( y{ij} ; \\theta{p} ) ) }
| ^
checkRd: (-1) Gmixt_simultanee.Rd:21: Lost braces
21 | { \\sum{p=1 -> P} log( \\pi{p} f( y{ij} ; \\theta{p} ) ) }
| ^
checkRd: (-1) Gmixt_simultanee.Rd:21: Lost braces
21 | { \\sum{p=1 -> P} log( \\pi{p} f( y{ij} ; \\theta{p} ) ) }
| ^
checkRd: (-1) Gmixt_simultanee.Rd:21: Lost braces
21 | { \\sum{p=1 -> P} log( \\pi{p} f( y{ij} ; \\theta{p} ) ) }
| ^
checkRd: (-1) segclust2d.Rd:37: Lost braces
37 | Patin, R., Etienne, M. P., Lebarbier, E., Chamaill{\'e}-Jammes, S.,
| ^
Flavor: r-patched-linux-x86_64