Last updated on 2025-06-23 05:49:50 CEST.
Flavor | Version | Tinstall | Tcheck | Ttotal | Status | Flags |
---|---|---|---|---|---|---|
r-devel-linux-x86_64-debian-clang | 1.0-0 | 8.95 | 80.59 | 89.54 | NOTE | |
r-devel-linux-x86_64-debian-gcc | 1.0-0 | 7.32 | 57.62 | 64.94 | NOTE | |
r-devel-linux-x86_64-fedora-clang | 1.0-0 | 138.54 | NOTE | |||
r-devel-linux-x86_64-fedora-gcc | 1.0-0 | 133.69 | NOTE | |||
r-devel-windows-x86_64 | 1.0-0 | 11.00 | 91.00 | 102.00 | NOTE | |
r-patched-linux-x86_64 | 1.0-0 | 8.80 | 77.02 | 85.82 | NOTE | |
r-release-linux-x86_64 | 1.0-0 | 8.50 | 75.19 | 83.69 | NOTE | |
r-release-macos-arm64 | 1.0-0 | 38.00 | NOTE | |||
r-release-macos-x86_64 | 1.0-0 | 92.00 | NOTE | |||
r-release-windows-x86_64 | 1.0-0 | 11.00 | 90.00 | 101.00 | NOTE | |
r-oldrel-macos-arm64 | 1.0-0 | 38.00 | NOTE | |||
r-oldrel-macos-x86_64 | 1.0-0 | 57.00 | NOTE | |||
r-oldrel-windows-x86_64 | 1.0-0 | 13.00 | 107.00 | 120.00 | NOTE |
Version: 1.0-0
Check: Rd files
Result: NOTE
checkRd: (-1) hyperpar.Rd:17: Lost braces
17 | \item{c}{denotes the expected range of eqn{f} .}
| ^
Flavors: r-devel-linux-x86_64-debian-clang, r-devel-linux-x86_64-debian-gcc, r-devel-linux-x86_64-fedora-clang, r-devel-linux-x86_64-fedora-gcc, r-devel-windows-x86_64, r-patched-linux-x86_64, r-release-linux-x86_64, r-release-macos-arm64, r-release-macos-x86_64, r-release-windows-x86_64, r-oldrel-macos-arm64, r-oldrel-macos-x86_64, r-oldrel-windows-x86_64
Version: 1.0-0
Check: LazyData
Result: NOTE
'LazyData' is specified without a 'data' directory
Flavors: r-oldrel-macos-arm64, r-oldrel-macos-x86_64, r-oldrel-windows-x86_64