Last updated on 2025-07-26 05:48:49 CEST.
Flavor | Version | Tinstall | Tcheck | Ttotal | Status | Flags |
---|---|---|---|---|---|---|
r-devel-linux-x86_64-debian-clang | 1.0.0.0 | 1.93 | 21.80 | 23.73 | OK | |
r-devel-linux-x86_64-debian-gcc | 1.0.0.0 | 1.55 | 17.24 | 18.79 | OK | |
r-devel-linux-x86_64-fedora-clang | 1.0.0.0 | 37.63 | OK | |||
r-devel-linux-x86_64-fedora-gcc | 1.0.0.0 | 35.23 | OK | |||
r-devel-windows-x86_64 | 1.0.0.0 | 3.00 | 50.00 | 53.00 | OK | |
r-patched-linux-x86_64 | 1.0.0.0 | 2.13 | 20.30 | 22.43 | OK | |
r-release-linux-x86_64 | 1.0.0.0 | 1.94 | 20.41 | 22.35 | OK | |
r-release-macos-arm64 | 1.0.0.0 | 24.00 | OK | |||
r-release-macos-x86_64 | 1.0.0.0 | 27.00 | OK | |||
r-release-windows-x86_64 | 1.0.0.0 | 4.00 | 74.00 | 78.00 | OK | |
r-oldrel-macos-arm64 | 1.0.0.0 | 14.00 | NOTE | |||
r-oldrel-macos-x86_64 | 1.0.0.0 | 22.00 | NOTE | |||
r-oldrel-windows-x86_64 | 1.0.0.0 | 3.00 | 46.00 | 49.00 | NOTE |
Version: 1.0.0.0
Check: LazyData
Result: NOTE
'LazyData' is specified without a 'data' directory
Flavors: r-oldrel-macos-arm64, r-oldrel-macos-x86_64, r-oldrel-windows-x86_64