Last updated on 2025-10-09 05:51:10 CEST.
Flavor | Version | Tinstall | Tcheck | Ttotal | Status | Flags |
---|---|---|---|---|---|---|
r-devel-linux-x86_64-debian-clang | 0.1.0 | 5.36 | 66.19 | 71.55 | ERROR | |
r-devel-linux-x86_64-debian-gcc | 0.1.0 | 4.61 | 46.90 | 51.51 | ERROR | |
r-devel-linux-x86_64-fedora-clang | 0.1.0 | 100.73 | ERROR | |||
r-devel-linux-x86_64-fedora-gcc | 0.1.0 | 97.93 | ERROR | |||
r-devel-windows-x86_64 | 0.1.0 | 9.00 | 73.00 | 82.00 | ERROR | |
r-patched-linux-x86_64 | 0.1.0 | 5.94 | 59.93 | 65.87 | ERROR | |
r-release-linux-x86_64 | 0.1.0 | 5.66 | 60.12 | 65.78 | ERROR | |
r-release-macos-arm64 | 0.1.0 | 28.00 | OK | |||
r-release-macos-x86_64 | 0.1.0 | 77.00 | OK | |||
r-release-windows-x86_64 | 0.1.0 | 8.00 | 71.00 | 79.00 | ERROR | |
r-oldrel-macos-arm64 | 0.1.0 | 25.00 | NOTE | |||
r-oldrel-macos-x86_64 | 0.1.0 | 38.00 | NOTE | |||
r-oldrel-windows-x86_64 | 0.1.0 | 10.00 | 96.00 | 106.00 | ERROR |
Version: 0.1.0
Check: tests
Result: ERROR
Running ‘testthat.R’ [7s/11s]
Running the tests in ‘tests/testthat.R’ failed.
Complete output:
> library(testthat)
> library(scUtils)
>
> test_check("scUtils")
[ FAIL 1 | WARN 0 | SKIP 0 | PASS 32 ]
══ Failed tests ════════════════════════════════════════════════════════════════
── Failure ('test-plots.R:59:3'): all kinds of colnames are allowed ────────────
p$labels not equal to list(y = "Dim2", x = "Dim1", colour = "expression").
Attributes: < names for target but not for current >
Attributes: < Length mismatch: comparison on first 0 components >
Length mismatch: comparison on first 2 components
[ FAIL 1 | WARN 0 | SKIP 0 | PASS 32 ]
Error: Test failures
Execution halted
Flavor: r-devel-linux-x86_64-debian-clang
Version: 0.1.0
Check: tests
Result: ERROR
Running ‘testthat.R’ [6s/8s]
Running the tests in ‘tests/testthat.R’ failed.
Complete output:
> library(testthat)
> library(scUtils)
>
> test_check("scUtils")
[ FAIL 1 | WARN 0 | SKIP 0 | PASS 32 ]
══ Failed tests ════════════════════════════════════════════════════════════════
── Failure ('test-plots.R:59:3'): all kinds of colnames are allowed ────────────
p$labels not equal to list(y = "Dim2", x = "Dim1", colour = "expression").
Attributes: < names for target but not for current >
Attributes: < Length mismatch: comparison on first 0 components >
Length mismatch: comparison on first 2 components
[ FAIL 1 | WARN 0 | SKIP 0 | PASS 32 ]
Error: Test failures
Execution halted
Flavor: r-devel-linux-x86_64-debian-gcc
Version: 0.1.0
Check: tests
Result: ERROR
Running ‘testthat.R’ [11s/27s]
Running the tests in ‘tests/testthat.R’ failed.
Complete output:
> library(testthat)
> library(scUtils)
>
> test_check("scUtils")
[ FAIL 1 | WARN 0 | SKIP 0 | PASS 32 ]
══ Failed tests ════════════════════════════════════════════════════════════════
── Failure ('test-plots.R:59:3'): all kinds of colnames are allowed ────────────
p$labels not equal to list(y = "Dim2", x = "Dim1", colour = "expression").
Attributes: < names for target but not for current >
Attributes: < Length mismatch: comparison on first 0 components >
Length mismatch: comparison on first 2 components
[ FAIL 1 | WARN 0 | SKIP 0 | PASS 32 ]
Error: Test failures
Execution halted
Flavor: r-devel-linux-x86_64-fedora-clang
Version: 0.1.0
Check: tests
Result: ERROR
Running ‘testthat.R’ [10s/14s]
Running the tests in ‘tests/testthat.R’ failed.
Complete output:
> library(testthat)
> library(scUtils)
>
> test_check("scUtils")
[ FAIL 1 | WARN 0 | SKIP 0 | PASS 32 ]
══ Failed tests ════════════════════════════════════════════════════════════════
── Failure ('test-plots.R:59:3'): all kinds of colnames are allowed ────────────
p$labels not equal to list(y = "Dim2", x = "Dim1", colour = "expression").
Attributes: < names for target but not for current >
Attributes: < Length mismatch: comparison on first 0 components >
Length mismatch: comparison on first 2 components
[ FAIL 1 | WARN 0 | SKIP 0 | PASS 32 ]
Error: Test failures
Execution halted
Flavor: r-devel-linux-x86_64-fedora-gcc
Version: 0.1.0
Check: tests
Result: ERROR
Running 'testthat.R' [6s]
Running the tests in 'tests/testthat.R' failed.
Complete output:
> library(testthat)
> library(scUtils)
>
> test_check("scUtils")
[ FAIL 1 | WARN 0 | SKIP 0 | PASS 32 ]
══ Failed tests ════════════════════════════════════════════════════════════════
── Failure ('test-plots.R:59:3'): all kinds of colnames are allowed ────────────
p$labels not equal to list(y = "Dim2", x = "Dim1", colour = "expression").
Attributes: < names for target but not for current >
Attributes: < Length mismatch: comparison on first 0 components >
Length mismatch: comparison on first 2 components
[ FAIL 1 | WARN 0 | SKIP 0 | PASS 32 ]
Error: Test failures
Execution halted
Flavors: r-devel-windows-x86_64, r-release-windows-x86_64
Version: 0.1.0
Check: tests
Result: ERROR
Running ‘testthat.R’ [7s/10s]
Running the tests in ‘tests/testthat.R’ failed.
Complete output:
> library(testthat)
> library(scUtils)
>
> test_check("scUtils")
[ FAIL 1 | WARN 0 | SKIP 0 | PASS 32 ]
══ Failed tests ════════════════════════════════════════════════════════════════
── Failure ('test-plots.R:59:3'): all kinds of colnames are allowed ────────────
p$labels not equal to list(y = "Dim2", x = "Dim1", colour = "expression").
Attributes: < names for target but not for current >
Attributes: < Length mismatch: comparison on first 0 components >
Length mismatch: comparison on first 2 components
[ FAIL 1 | WARN 0 | SKIP 0 | PASS 32 ]
Error: Test failures
Execution halted
Flavor: r-patched-linux-x86_64
Version: 0.1.0
Check: tests
Result: ERROR
Running ‘testthat.R’ [7s/8s]
Running the tests in ‘tests/testthat.R’ failed.
Complete output:
> library(testthat)
> library(scUtils)
>
> test_check("scUtils")
[ FAIL 1 | WARN 0 | SKIP 0 | PASS 32 ]
══ Failed tests ════════════════════════════════════════════════════════════════
── Failure ('test-plots.R:59:3'): all kinds of colnames are allowed ────────────
p$labels not equal to list(y = "Dim2", x = "Dim1", colour = "expression").
Attributes: < names for target but not for current >
Attributes: < Length mismatch: comparison on first 0 components >
Length mismatch: comparison on first 2 components
[ FAIL 1 | WARN 0 | SKIP 0 | PASS 32 ]
Error: Test failures
Execution halted
Flavor: r-release-linux-x86_64
Version: 0.1.0
Check: LazyData
Result: NOTE
'LazyData' is specified without a 'data' directory
Flavors: r-oldrel-macos-arm64, r-oldrel-macos-x86_64, r-oldrel-windows-x86_64
Version: 0.1.0
Check: tests
Result: ERROR
Running 'testthat.R' [9s]
Running the tests in 'tests/testthat.R' failed.
Complete output:
> library(testthat)
> library(scUtils)
>
> test_check("scUtils")
[ FAIL 1 | WARN 0 | SKIP 0 | PASS 32 ]
══ Failed tests ════════════════════════════════════════════════════════════════
── Failure ('test-plots.R:59:3'): all kinds of colnames are allowed ────────────
p$labels not equal to list(y = "Dim2", x = "Dim1", colour = "expression").
Attributes: < names for target but not for current >
Attributes: < Length mismatch: comparison on first 0 components >
Length mismatch: comparison on first 2 components
[ FAIL 1 | WARN 0 | SKIP 0 | PASS 32 ]
Error: Test failures
Execution halted
Flavor: r-oldrel-windows-x86_64