CRAN Package Check Results for Package sassy

Last updated on 2025-07-27 05:48:43 CEST.

Flavor Version Tinstall Tcheck Ttotal Status Flags
r-devel-linux-x86_64-debian-clang 1.2.5 6.80 92.70 99.50 NOTE
r-devel-linux-x86_64-debian-gcc 1.2.5 4.15 70.96 75.11 NOTE
r-devel-linux-x86_64-fedora-clang 1.2.5 167.61 OK
r-devel-linux-x86_64-fedora-gcc 1.2.5 165.11 OK
r-devel-windows-x86_64 1.2.5 8.00 116.00 124.00 OK
r-patched-linux-x86_64 1.2.5 6.06 86.70 92.76 OK
r-release-linux-x86_64 1.2.5 6.02 86.90 92.92 OK
r-release-macos-arm64 1.2.5 68.00 OK
r-release-macos-x86_64 1.2.5 105.00 OK
r-release-windows-x86_64 1.2.5 9.00 115.00 124.00 OK
r-oldrel-macos-arm64 1.2.5 80.00 NOTE
r-oldrel-macos-x86_64 1.2.5 107.00 NOTE
r-oldrel-windows-x86_64 1.2.5 12.00 129.00 141.00 NOTE

Check Details

Version: 1.2.5
Check: CRAN incoming feasibility
Result: NOTE Maintainer: ‘David Bosak <dbosak01@gmail.com>’ No Authors@R field in DESCRIPTION. Please add one, modifying Authors@R: c(person(given = c("David", "J."), family = "Bosak", role = "aut"), person(given = "David", family = "Bosak", role = "cre", email = "dbosak01@gmail.com")) as necessary. Flavors: r-devel-linux-x86_64-debian-clang, r-devel-linux-x86_64-debian-gcc

Version: 1.2.5
Check: installed package size
Result: NOTE installed size is 6.3Mb sub-directories of 1Mb or more: doc 5.1Mb extdata 1.1Mb Flavors: r-oldrel-macos-arm64, r-oldrel-macos-x86_64, r-oldrel-windows-x86_64