CRAN Package Check Results for Package sampling

Last updated on 2025-07-11 05:49:33 CEST.

Flavor Version Tinstall Tcheck Ttotal Status Flags
r-devel-linux-x86_64-debian-clang 2.10 7.04 75.02 82.06 NOTE
r-devel-linux-x86_64-debian-gcc 2.10 4.77 52.92 57.69 NOTE
r-devel-linux-x86_64-fedora-clang 2.11 137.61 OK
r-devel-linux-x86_64-fedora-gcc 2.11 146.95 OK
r-devel-windows-x86_64 2.10 11.00 135.00 146.00 OK
r-patched-linux-x86_64 2.10 6.21 69.95 76.16 OK
r-release-linux-x86_64 2.10 5.55 69.90 75.45 OK
r-release-macos-arm64 2.10 51.00 OK
r-release-macos-x86_64 2.10 98.00 OK
r-release-windows-x86_64 2.11 14.00 125.00 139.00 OK
r-oldrel-macos-arm64 2.10 52.00 OK
r-oldrel-macos-x86_64 2.10 72.00 OK
r-oldrel-windows-x86_64 2.10 12.00 134.00 146.00 OK

Check Details

Version: 2.10
Check: CRAN incoming feasibility
Result: NOTE Maintainer: ‘Alina Matei <alina.matei@unine.ch>’ No Authors@R field in DESCRIPTION. Please add one, modifying Authors@R: c(person(given = "Yves", family = "Tillé", role = "aut", email = "yves.tille@unine.ch"), person(given = "Alina", family = "Matei", role = c("aut", "cre"), email = "alina.matei@unine.ch")) as necessary. Flavors: r-devel-linux-x86_64-debian-clang, r-devel-linux-x86_64-debian-gcc