Last updated on 2025-02-04 05:50:30 CET.
Flavor | Version | Tinstall | Tcheck | Ttotal | Status | Flags |
---|---|---|---|---|---|---|
r-devel-linux-x86_64-debian-clang | 0.1.0 | 8.88 | 80.92 | 89.80 | OK | |
r-devel-linux-x86_64-debian-gcc | 0.1.0 | 7.27 | 55.54 | 62.81 | OK | |
r-devel-linux-x86_64-fedora-clang | 0.1.0 | 145.09 | OK | |||
r-devel-linux-x86_64-fedora-gcc | 0.1.0 | 131.96 | OK | |||
r-devel-windows-x86_64 | 0.1.0 | 10.00 | 90.00 | 100.00 | OK | |
r-patched-linux-x86_64 | 0.1.0 | 8.50 | 72.85 | 81.35 | NOTE | |
r-release-linux-x86_64 | 0.1.0 | 7.33 | 73.42 | 80.75 | NOTE | |
r-release-macos-arm64 | 0.1.0 | 39.00 | NOTE | |||
r-release-macos-x86_64 | 0.1.0 | 60.00 | NOTE | |||
r-release-windows-x86_64 | 0.1.0 | 9.00 | 89.00 | 98.00 | NOTE | |
r-oldrel-macos-arm64 | 0.1.0 | 42.00 | NOTE | |||
r-oldrel-macos-x86_64 | 0.1.0 | 72.00 | NOTE | |||
r-oldrel-windows-x86_64 | 0.1.0 | 12.00 | 103.00 | 115.00 | NOTE |
Version: 0.1.0
Check: LazyData
Result: NOTE
'LazyData' is specified without a 'data' directory
Flavors: r-patched-linux-x86_64, r-release-linux-x86_64, r-release-macos-arm64, r-release-macos-x86_64, r-release-windows-x86_64, r-oldrel-macos-arm64, r-oldrel-macos-x86_64, r-oldrel-windows-x86_64