Last updated on 2025-07-04 05:49:34 CEST.
Flavor | Version | Tinstall | Tcheck | Ttotal | Status | Flags |
---|---|---|---|---|---|---|
r-devel-linux-x86_64-debian-clang | 3.1-40 | 5.73 | 50.62 | 56.35 | NOTE | |
r-devel-linux-x86_64-debian-gcc | 3.1-40 | 3.73 | 37.96 | 41.69 | NOTE | |
r-devel-linux-x86_64-fedora-clang | 3.1-40 | 84.89 | NOTE | |||
r-devel-linux-x86_64-fedora-gcc | 3.1-40 | 85.61 | NOTE | |||
r-devel-windows-x86_64 | 3.1-40 | 8.00 | 78.00 | 86.00 | NOTE | |
r-patched-linux-x86_64 | 3.1-40 | 5.56 | 47.41 | 52.97 | NOTE | |
r-release-linux-x86_64 | 3.1-40 | 5.49 | 47.20 | 52.69 | NOTE | |
r-release-macos-arm64 | 3.1-40 | 28.00 | NOTE | |||
r-release-macos-x86_64 | 3.1-40 | 52.00 | NOTE | |||
r-release-windows-x86_64 | 3.1-40 | 7.00 | 82.00 | 89.00 | NOTE | |
r-oldrel-macos-arm64 | 3.1-40 | 27.00 | NOTE | |||
r-oldrel-macos-x86_64 | 3.1-40 | 43.00 | NOTE | |||
r-oldrel-windows-x86_64 | 3.1-40 | 7.00 | 91.00 | 98.00 | NOTE |
Version: 3.1-40
Check: Rd files
Result: NOTE
checkRd: (-1) ciReg.Rd:10: Lost braces
10 | \item{fit}{an object of class{lm}, i.e. the output from \code{\link{lm}}.}
| ^
Flavors: r-devel-linux-x86_64-debian-clang, r-devel-linux-x86_64-debian-gcc, r-devel-linux-x86_64-fedora-clang, r-devel-linux-x86_64-fedora-gcc, r-devel-windows-x86_64, r-patched-linux-x86_64, r-release-linux-x86_64, r-release-macos-arm64, r-release-macos-x86_64, r-release-windows-x86_64, r-oldrel-macos-arm64, r-oldrel-macos-x86_64, r-oldrel-windows-x86_64