Last updated on 2025-05-09 04:52:09 CEST.
Flavor | Version | Tinstall | Tcheck | Ttotal | Status | Flags |
---|---|---|---|---|---|---|
r-devel-linux-x86_64-debian-clang | 0.1.0 | 2.02 | 18.37 | 20.39 | NOTE | |
r-devel-linux-x86_64-debian-gcc | 0.1.0 | 1.54 | 14.79 | 16.33 | NOTE | |
r-devel-linux-x86_64-fedora-clang | 0.1.0 | 33.14 | OK | |||
r-devel-linux-x86_64-fedora-gcc | 0.1.0 | 32.26 | OK | |||
r-devel-windows-x86_64 | 0.1.0 | 3.00 | 38.00 | 41.00 | OK | |
r-patched-linux-x86_64 | 0.1.0 | 2.09 | 17.78 | 19.87 | OK | |
r-release-linux-x86_64 | 0.1.0 | 1.97 | 17.96 | 19.93 | OK | |
r-release-macos-arm64 | 0.1.0 | 16.00 | OK | |||
r-release-macos-x86_64 | 0.1.0 | 27.00 | OK | |||
r-release-windows-x86_64 | 0.1.0 | 2.00 | 41.00 | 43.00 | OK | |
r-oldrel-macos-arm64 | 0.1.0 | 16.00 | NOTE | |||
r-oldrel-macos-x86_64 | 0.1.0 | 26.00 | NOTE | |||
r-oldrel-windows-x86_64 | 0.1.0 | 3.00 | 42.00 | 45.00 | NOTE |
Version: 0.1.0
Check: CRAN incoming feasibility
Result: NOTE
Maintainer: ‘Bryan Jenks <bryanjenks@protonmail.com>’
The BugReports field in DESCRIPTION has
https://github.com/tallguyjenks/runes
which should likely be
https://github.com/tallguyjenks/runes/issues
instead.
Flavors: r-devel-linux-x86_64-debian-clang, r-devel-linux-x86_64-debian-gcc
Version: 0.1.0
Check: LazyData
Result: NOTE
'LazyData' is specified without a 'data' directory
Flavors: r-oldrel-macos-arm64, r-oldrel-macos-x86_64, r-oldrel-windows-x86_64