Last updated on 2025-02-06 05:49:20 CET.
Flavor | Version | Tinstall | Tcheck | Ttotal | Status | Flags |
---|---|---|---|---|---|---|
r-devel-linux-x86_64-debian-clang | 0.8.0 | 1.47 | 18.02 | 19.49 | OK | |
r-devel-linux-x86_64-debian-gcc | 0.8.0 | 1.42 | 14.96 | 16.38 | OK | |
r-devel-linux-x86_64-fedora-clang | 0.8.0 | 32.57 | OK | |||
r-devel-linux-x86_64-fedora-gcc | 0.8.0 | 30.15 | OK | |||
r-devel-windows-x86_64 | 0.8.0 | 4.00 | 46.00 | 50.00 | OK | |
r-patched-linux-x86_64 | 0.8.0 | 1.79 | 17.48 | 19.27 | NOTE | |
r-release-linux-x86_64 | 0.8.0 | 1.74 | 17.38 | 19.12 | NOTE | |
r-release-macos-arm64 | 0.8.0 | 15.00 | NOTE | |||
r-release-macos-x86_64 | 0.8.0 | 23.00 | NOTE | |||
r-release-windows-x86_64 | 0.8.0 | 4.00 | 46.00 | 50.00 | NOTE | |
r-oldrel-macos-arm64 | 0.8.0 | 15.00 | NOTE | |||
r-oldrel-macos-x86_64 | 0.8.0 | 21.00 | NOTE | |||
r-oldrel-windows-x86_64 | 0.8.0 | 5.00 | 45.00 | 50.00 | NOTE |
Version: 0.8.0
Check: LazyData
Result: NOTE
'LazyData' is specified without a 'data' directory
Flavors: r-patched-linux-x86_64, r-release-linux-x86_64, r-release-macos-arm64, r-release-macos-x86_64, r-release-windows-x86_64, r-oldrel-macos-arm64, r-oldrel-macos-x86_64, r-oldrel-windows-x86_64