Last updated on 2025-05-09 04:52:09 CEST.
Flavor | Version | Tinstall | Tcheck | Ttotal | Status | Flags |
---|---|---|---|---|---|---|
r-devel-linux-x86_64-debian-clang | 0.1.2 | 1.57 | 18.55 | 20.12 | NOTE | |
r-devel-linux-x86_64-debian-gcc | 0.1.2 | 1.43 | 15.09 | 16.52 | NOTE | |
r-devel-linux-x86_64-fedora-clang | 0.1.2 | 32.86 | OK | |||
r-devel-linux-x86_64-fedora-gcc | 0.1.2 | 31.10 | OK | |||
r-devel-windows-x86_64 | 0.1.2 | 3.00 | 41.00 | 44.00 | OK | |
r-patched-linux-x86_64 | 0.1.2 | 1.70 | 17.50 | 19.20 | OK | |
r-release-linux-x86_64 | 0.1.2 | 1.65 | 17.60 | 19.25 | OK | |
r-release-macos-arm64 | 0.1.2 | 16.00 | OK | |||
r-release-macos-x86_64 | 0.1.2 | 23.00 | OK | |||
r-release-windows-x86_64 | 0.1.2 | 2.00 | 43.00 | 45.00 | OK | |
r-oldrel-macos-arm64 | 0.1.2 | 15.00 | NOTE | |||
r-oldrel-macos-x86_64 | 0.1.2 | 21.00 | NOTE | |||
r-oldrel-windows-x86_64 | 0.1.2 | 3.00 | 44.00 | 47.00 | NOTE |
Version: 0.1.2
Check: CRAN incoming feasibility
Result: NOTE
Maintainer: ‘Johan Jordaan <djjordaan@gmail.com>’
No Authors@R field in DESCRIPTION.
Please add one, modifying
Authors@R: person(given = "Johan",
family = "Jordaan",
role = c("aut", "cre"),
email = "djjordaan@gmail.com")
as necessary.
Flavors: r-devel-linux-x86_64-debian-clang, r-devel-linux-x86_64-debian-gcc
Version: 0.1.2
Check: LazyData
Result: NOTE
'LazyData' is specified without a 'data' directory
Flavors: r-oldrel-macos-arm64, r-oldrel-macos-x86_64, r-oldrel-windows-x86_64