CRAN Package Check Results for Package rstan

Last updated on 2024-07-20 03:49:13 CEST.

Flavor Version Tinstall Tcheck Ttotal Status Flags
r-devel-linux-x86_64-debian-clang 2.32.6 248.29 227.90 476.19 NOTE
r-devel-linux-x86_64-debian-gcc 2.32.6 198.22 185.26 383.48 NOTE
r-devel-linux-x86_64-fedora-clang 2.32.6 676.94 NOTE
r-devel-linux-x86_64-fedora-gcc 2.32.6 1690.20 NOTE
r-devel-windows-x86_64 2.32.6 221.00 200.00 421.00 NOTE
r-patched-linux-x86_64 2.32.6 271.12 233.81 504.93 NOTE
r-release-linux-x86_64 2.32.6 269.47 239.06 508.53 NOTE
r-release-macos-arm64 2.32.6 293.00 NOTE
r-release-macos-x86_64 2.32.6 432.00 NOTE
r-release-windows-x86_64 2.32.6 229.00 197.00 426.00 NOTE
r-oldrel-macos-arm64 2.32.6 289.00 NOTE
r-oldrel-macos-x86_64 2.32.6 632.00 NOTE
r-oldrel-windows-x86_64 2.32.6 279.00 239.00 518.00 NOTE

Check Details

Version: 2.32.6
Check: for GNU extensions in Makefiles
Result: NOTE GNU make is a SystemRequirements. Flavors: r-devel-linux-x86_64-debian-clang, r-devel-linux-x86_64-debian-gcc, r-devel-linux-x86_64-fedora-clang, r-devel-linux-x86_64-fedora-gcc, r-devel-windows-x86_64, r-patched-linux-x86_64, r-release-linux-x86_64, r-release-macos-arm64, r-release-macos-x86_64, r-release-windows-x86_64, r-oldrel-macos-arm64, r-oldrel-macos-x86_64, r-oldrel-windows-x86_64

Version: 2.32.6
Check: installed package size
Result: NOTE installed size is 6.5Mb sub-directories of 1Mb or more: exec 1.7Mb lib 2.2Mb Flavors: r-devel-linux-x86_64-fedora-clang, r-devel-windows-x86_64, r-release-macos-arm64, r-release-macos-x86_64, r-release-windows-x86_64, r-oldrel-macos-arm64, r-oldrel-macos-x86_64, r-oldrel-windows-x86_64

Version: 2.32.6
Check: Rd cross-references
Result: NOTE Undeclared package ‘rstanarm’ in Rd xrefs Flavor: r-devel-linux-x86_64-fedora-clang