Last updated on 2025-01-24 03:50:03 CET.
Flavor | Version | Tinstall | Tcheck | Ttotal | Status | Flags |
---|---|---|---|---|---|---|
r-devel-linux-x86_64-debian-clang | 4.1.0 | 187.51 | 510.63 | 698.14 | OK | |
r-devel-linux-x86_64-debian-gcc | 4.1.0 | 135.57 | 348.55 | 484.12 | OK | |
r-devel-linux-x86_64-fedora-clang | 4.1.0 | 1140.91 | OK | |||
r-devel-linux-x86_64-fedora-gcc | 4.1.0 | 1137.35 | OK | |||
r-devel-windows-x86_64 | 4.1.0 | 169.00 | 561.00 | 730.00 | OK | |
r-patched-linux-x86_64 | 4.1.0 | 183.15 | 490.10 | 673.25 | OK | |
r-release-linux-x86_64 | 4.1.0 | 178.35 | 491.20 | 669.55 | OK | |
r-release-macos-arm64 | 4.1.0 | 295.00 | NOTE | |||
r-release-macos-x86_64 | 4.1.0 | 507.00 | NOTE | |||
r-release-windows-x86_64 | 4.1.0 | 171.00 | 557.00 | 728.00 | NOTE | |
r-oldrel-macos-arm64 | 4.1.0 | 304.00 | NOTE | |||
r-oldrel-macos-x86_64 | 4.1.0 | 524.00 | NOTE | |||
r-oldrel-windows-x86_64 | 4.1.0 | 204.00 | 662.00 | 866.00 | NOTE |
Version: 4.1.0
Check: installed package size
Result: NOTE
installed size is 15.8Mb
sub-directories of 1Mb or more:
R 5.0Mb
libs 9.6Mb
Flavors: r-release-macos-arm64, r-release-macos-x86_64, r-release-windows-x86_64, r-oldrel-macos-arm64, r-oldrel-macos-x86_64, r-oldrel-windows-x86_64