Last updated on 2025-02-20 04:51:27 CET.
Flavor | Version | Tinstall | Tcheck | Ttotal | Status | Flags |
---|---|---|---|---|---|---|
r-devel-linux-x86_64-debian-clang | 1.0 | 8.72 | 63.26 | 71.98 | OK | |
r-devel-linux-x86_64-debian-gcc | 1.0 | 6.53 | 46.16 | 52.69 | OK | |
r-devel-linux-x86_64-fedora-clang | 1.0 | 112.09 | OK | |||
r-devel-linux-x86_64-fedora-gcc | 1.0 | 122.49 | OK | |||
r-devel-macos-arm64 | 1.0 | 39.00 | OK | |||
r-devel-macos-x86_64 | 1.0 | 80.00 | OK | |||
r-devel-windows-x86_64 | 1.0 | 8.00 | 80.00 | 88.00 | OK | |
r-patched-linux-x86_64 | 1.0 | 7.28 | 59.19 | 66.47 | NOTE | |
r-release-linux-x86_64 | 1.0 | 6.42 | 59.26 | 65.68 | NOTE | |
r-release-macos-arm64 | 1.0 | 38.00 | NOTE | |||
r-release-macos-x86_64 | 1.0 | 65.00 | NOTE | |||
r-release-windows-x86_64 | 1.0 | 9.00 | 76.00 | 85.00 | NOTE | |
r-oldrel-macos-arm64 | 1.0 | 40.00 | NOTE | |||
r-oldrel-macos-x86_64 | 1.0 | 60.00 | NOTE | |||
r-oldrel-windows-x86_64 | 1.0 | 11.00 | 91.00 | 102.00 | NOTE |
Version: 1.0
Check: LazyData
Result: NOTE
'LazyData' is specified without a 'data' directory
Flavors: r-patched-linux-x86_64, r-release-linux-x86_64, r-release-macos-arm64, r-release-macos-x86_64, r-release-windows-x86_64, r-oldrel-macos-arm64, r-oldrel-macos-x86_64, r-oldrel-windows-x86_64