Last updated on 2024-05-02 04:00:32 CEST.
Flavor | Version | Tinstall | Tcheck | Ttotal | Status | Flags |
---|---|---|---|---|---|---|
r-devel-linux-x86_64-debian-clang | 0.1.3 | 12.11 | 140.79 | 152.90 | OK | |
r-devel-linux-x86_64-debian-gcc | 0.1.3 | 9.00 | 99.55 | 108.55 | OK | |
r-devel-linux-x86_64-fedora-clang | 0.1.3 | 191.78 | NOTE | |||
r-devel-linux-x86_64-fedora-gcc | 0.1.3 | 196.52 | NOTE | |||
r-devel-windows-x86_64 | 0.1.3 | 14.00 | 122.00 | 136.00 | OK | |
r-patched-linux-x86_64 | 0.1.3 | 17.20 | 147.19 | 164.39 | OK | |
r-release-linux-x86_64 | 0.1.3 | 6.32 | 142.39 | 148.71 | OK | |
r-release-macos-arm64 | 0.1.3 | 63.00 | OK | |||
r-release-windows-x86_64 | 0.1.3 | 15.00 | 120.00 | 135.00 | OK | |
r-oldrel-macos-arm64 | 0.1.3 | 59.00 | OK | |||
r-oldrel-macos-x86_64 | 0.1.3 | 158.00 | OK | |||
r-oldrel-windows-x86_64 | 0.1.3 | 17.00 | 135.00 | 152.00 | OK |
Version: 0.1.3
Check: data for non-ASCII characters
Result: NOTE
Note: found 261 marked UTF-8 strings
Flavors: r-devel-linux-x86_64-fedora-clang, r-devel-linux-x86_64-fedora-gcc