Last updated on 2025-05-16 05:49:18 CEST.
Flavor | Version | Tinstall | Tcheck | Ttotal | Status | Flags |
---|---|---|---|---|---|---|
r-devel-linux-x86_64-debian-clang | 0.1.0 | 1.52 | 19.63 | 21.15 | OK | |
r-devel-linux-x86_64-debian-gcc | 0.1.0 | 1.39 | 16.73 | 18.12 | OK | |
r-devel-linux-x86_64-fedora-clang | 0.1.0 | 30.78 | OK | |||
r-devel-linux-x86_64-fedora-gcc | 0.1.0 | 29.03 | OK | |||
r-devel-windows-x86_64 | 0.1.0 | 2.00 | 41.00 | 43.00 | OK | |
r-patched-linux-x86_64 | 0.1.0 | 1.68 | 17.37 | 19.05 | OK | |
r-release-linux-x86_64 | 0.1.0 | 1.64 | 17.42 | 19.06 | OK | |
r-release-macos-arm64 | 0.1.0 | 16.00 | OK | |||
r-release-macos-x86_64 | 0.1.0 | 31.00 | OK | |||
r-release-windows-x86_64 | 0.1.0 | 4.00 | 41.00 | 45.00 | OK | |
r-oldrel-macos-arm64 | 0.1.0 | 13.00 | NOTE | |||
r-oldrel-macos-x86_64 | 0.1.0 | 25.00 | NOTE | |||
r-oldrel-windows-x86_64 | 0.1.0 | 3.00 | 43.00 | 46.00 | NOTE |
Version: 0.1.0
Check: LazyData
Result: NOTE
'LazyData' is specified without a 'data' directory
Flavors: r-oldrel-macos-arm64, r-oldrel-macos-x86_64, r-oldrel-windows-x86_64