Last updated on 2025-02-06 05:49:20 CET.
Flavor | Version | Tinstall | Tcheck | Ttotal | Status | Flags |
---|---|---|---|---|---|---|
r-devel-linux-x86_64-debian-clang | 5.0.1 | 6.35 | 44.87 | 51.22 | NOTE | |
r-devel-linux-x86_64-debian-gcc | 5.0.1 | 4.20 | 32.40 | 36.60 | NOTE | |
r-devel-linux-x86_64-fedora-clang | 5.0.1 | 79.37 | NOTE | |||
r-devel-linux-x86_64-fedora-gcc | 5.0.1 | 73.80 | NOTE | |||
r-devel-windows-x86_64 | 5.0.1 | 7.00 | 72.00 | 79.00 | NOTE | |
r-patched-linux-x86_64 | 5.0.1 | 6.61 | 40.51 | 47.12 | OK | |
r-release-linux-x86_64 | 5.0.1 | 6.16 | 40.83 | 46.99 | OK | |
r-release-macos-arm64 | 5.0.1 | 31.00 | OK | |||
r-release-macos-x86_64 | 5.0.1 | 46.00 | OK | |||
r-release-windows-x86_64 | 5.0.1 | 6.00 | 70.00 | 76.00 | OK | |
r-oldrel-macos-arm64 | 5.0.1 | 30.00 | OK | |||
r-oldrel-macos-x86_64 | 5.0.1 | 74.00 | OK | |||
r-oldrel-windows-x86_64 | 5.0.1 | 10.00 | 81.00 | 91.00 | OK |
Version: 5.0.1
Check: DESCRIPTION meta-information
Result: NOTE
Missing dependency on R >= 4.1.0 because package code uses the pipe
|> or function shorthand \(...) syntax added in R 4.1.0.
File(s) using such syntax:
‘common_names.R’ ‘distribution.R’ ‘fb_tbl.R’
Flavors: r-devel-linux-x86_64-debian-clang, r-devel-linux-x86_64-debian-gcc, r-devel-linux-x86_64-fedora-clang, r-devel-linux-x86_64-fedora-gcc, r-devel-windows-x86_64