Last updated on 2024-05-02 04:00:31 CEST.
Flavor | Version | Tinstall | Tcheck | Ttotal | Status | Flags |
---|---|---|---|---|---|---|
r-devel-linux-x86_64-debian-clang | 1.0.1 | 5.84 | 45.34 | 51.18 | NOTE | |
r-devel-linux-x86_64-debian-gcc | 1.0.1 | 3.71 | 34.99 | 38.70 | NOTE | |
r-devel-linux-x86_64-fedora-clang | 1.0.1 | 66.47 | NOTE | |||
r-devel-linux-x86_64-fedora-gcc | 1.0.1 | 74.68 | NOTE | |||
r-devel-windows-x86_64 | 1.0.1 | 6.00 | 57.00 | 63.00 | NOTE | |
r-patched-linux-x86_64 | 1.0.1 | 3.36 | 44.93 | 48.29 | NOTE | |
r-release-linux-x86_64 | 1.0.1 | 4.62 | 44.69 | 49.31 | NOTE | |
r-release-macos-arm64 | 1.0.1 | 29.00 | NOTE | |||
r-release-windows-x86_64 | 1.0.1 | 7.00 | 57.00 | 64.00 | NOTE | |
r-oldrel-macos-arm64 | 1.0.1 | 31.00 | NOTE | |||
r-oldrel-macos-x86_64 | 1.0.1 | 41.00 | NOTE | |||
r-oldrel-windows-x86_64 | 1.0.1 | 7.00 | 57.00 | 64.00 | NOTE |
Version: 1.0.1
Check: LazyData
Result: NOTE
'LazyData' is specified without a 'data' directory
Flavors: r-devel-linux-x86_64-debian-clang, r-devel-linux-x86_64-debian-gcc, r-devel-linux-x86_64-fedora-clang, r-devel-linux-x86_64-fedora-gcc, r-devel-windows-x86_64, r-patched-linux-x86_64, r-release-linux-x86_64, r-release-macos-arm64, r-release-windows-x86_64, r-oldrel-macos-arm64, r-oldrel-macos-x86_64, r-oldrel-windows-x86_64