Last updated on 2025-05-09 04:52:07 CEST.
Flavor | Version | Tinstall | Tcheck | Ttotal | Status | Flags |
---|---|---|---|---|---|---|
r-devel-linux-x86_64-debian-clang | 2.0.0 | 1.47 | 18.87 | 20.34 | NOTE | |
r-devel-linux-x86_64-debian-gcc | 2.0.0 | 1.34 | 15.70 | 17.04 | NOTE | |
r-devel-linux-x86_64-fedora-clang | 2.0.0 | 31.30 | OK | |||
r-devel-linux-x86_64-fedora-gcc | 2.0.0 | 28.73 | OK | |||
r-devel-windows-x86_64 | 2.0.0 | 4.00 | 39.00 | 43.00 | OK | |
r-patched-linux-x86_64 | 2.0.0 | 1.53 | 17.09 | 18.62 | OK | |
r-release-linux-x86_64 | 2.0.0 | 1.35 | 17.23 | 18.58 | OK | |
r-release-macos-arm64 | 2.0.0 | 16.00 | OK | |||
r-release-macos-x86_64 | 2.0.0 | 22.00 | OK | |||
r-release-windows-x86_64 | 2.0.0 | 3.00 | 41.00 | 44.00 | OK | |
r-oldrel-macos-arm64 | 18.00 | OK | ||||
r-oldrel-macos-x86_64 | 2.0.0 | 19.00 | OK | |||
r-oldrel-windows-x86_64 | 2.0.0 | 3.00 | 46.00 | 49.00 | OK |
Version: 2.0.0
Check: CRAN incoming feasibility
Result: NOTE
Maintainer: ‘Gabor Csardi <csardi.gabor@gmail.com>’
No Authors@R field in DESCRIPTION.
Please add one, modifying
Authors@R: person(given = "Gabor",
family = "Csardi",
role = c("aut", "cre"),
email = "csardi.gabor@gmail.com")
as necessary.
Flavors: r-devel-linux-x86_64-debian-clang, r-devel-linux-x86_64-debian-gcc