Last updated on 2025-02-06 05:49:19 CET.
Flavor | Version | Tinstall | Tcheck | Ttotal | Status | Flags |
---|---|---|---|---|---|---|
r-devel-linux-x86_64-debian-clang | 1.7.0 | 12.14 | 109.34 | 121.48 | OK | |
r-devel-linux-x86_64-debian-gcc | 1.7.0 | 10.83 | 82.00 | 92.83 | OK | |
r-devel-linux-x86_64-fedora-clang | 1.7.0 | 198.81 | NOTE | |||
r-devel-linux-x86_64-fedora-gcc | 1.7.0 | 190.75 | OK | |||
r-devel-windows-x86_64 | 1.7.0 | 14.00 | 124.00 | 138.00 | OK | |
r-patched-linux-x86_64 | 1.7.0 | 12.31 | 100.67 | 112.98 | OK | |
r-release-linux-x86_64 | 1.7.0 | 12.90 | 99.33 | 112.23 | OK | |
r-release-macos-arm64 | 1.7.0 | 59.00 | OK | |||
r-release-macos-x86_64 | 1.7.0 | 89.00 | OK | |||
r-release-windows-x86_64 | 1.7.0 | 15.00 | 122.00 | 137.00 | OK | |
r-oldrel-macos-arm64 | 1.7.0 | 60.00 | OK | |||
r-oldrel-macos-x86_64 | 1.7.0 | 101.00 | NOTE | |||
r-oldrel-windows-x86_64 | 1.7.0 | 16.00 | 143.00 | 159.00 | OK |
Version: 1.7.0
Check: whether startup messages can be suppressed
Result: NOTE
OMP: Warning #96: Cannot form a team with 24 threads, using 2 instead.
OMP: Hint Consider unsetting KMP_DEVICE_THREAD_LIMIT (KMP_ALL_THREADS), KMP_TEAMS_THREAD_LIMIT, and OMP_THREAD_LIMIT (if any are set).
It looks like this package (or a package it requires) has a startup
message which cannot be suppressed: see ?packageStartupMessage.
Flavor: r-devel-linux-x86_64-fedora-clang
Version: 1.7.0
Check: package dependencies
Result: NOTE
Packages suggested but not available for checking: 'cdparcoord', 'partools'
Flavor: r-oldrel-macos-x86_64