CRAN Package Check Results for Package readrba

Last updated on 2025-07-03 04:51:06 CEST.

Flavor Version Tinstall Tcheck Ttotal Status Flags
r-devel-linux-x86_64-debian-clang 0.1.11 4.93 76.06 80.99 NOTE
r-devel-linux-x86_64-debian-gcc 0.1.11 3.65 53.88 57.53 NOTE
r-devel-linux-x86_64-fedora-clang 0.1.11 123.45 NOTE
r-devel-linux-x86_64-fedora-gcc 0.1.11 129.71 NOTE
r-devel-windows-x86_64 0.1.11 8.00 93.00 101.00 NOTE
r-patched-linux-x86_64 0.1.11 5.31 69.71 75.02 NOTE
r-release-linux-x86_64 0.1.11 5.04 70.42 75.46 NOTE
r-release-macos-arm64 0.1.11 42.00 NOTE
r-release-macos-x86_64 0.1.11 85.00 NOTE
r-release-windows-x86_64 0.1.11 8.00 90.00 98.00 NOTE
r-oldrel-macos-arm64 0.1.11 49.00 OK
r-oldrel-macos-x86_64 0.1.11 74.00 OK
r-oldrel-windows-x86_64 0.1.11 10.00 112.00 122.00 OK

Check Details

Version: 0.1.11
Check: DESCRIPTION meta-information
Result: NOTE Missing dependency on R >= 4.1.0 because package code uses the pipe |> or function shorthand \(...) syntax added in R 4.1.0. File(s) using such syntax: ‘tidy_rba.R’ Flavors: r-devel-linux-x86_64-debian-clang, r-devel-linux-x86_64-debian-gcc, r-devel-linux-x86_64-fedora-clang, r-devel-linux-x86_64-fedora-gcc, r-devel-windows-x86_64, r-patched-linux-x86_64, r-release-linux-x86_64, r-release-macos-arm64, r-release-macos-x86_64, r-release-windows-x86_64