CRAN Package Check Results for Package rddtools

Last updated on 2025-07-04 05:49:32 CEST.

Flavor Version Tinstall Tcheck Ttotal Status Flags
r-devel-linux-x86_64-debian-clang 1.6.0 14.20 143.61 157.81 NOTE
r-devel-linux-x86_64-debian-gcc 2.0.1 9.09 105.25 114.34 OK
r-devel-linux-x86_64-fedora-clang 2.0.1 260.99 OK
r-devel-linux-x86_64-fedora-gcc 2.0.1 270.22 OK
r-devel-windows-x86_64 2.0.1 16.00 145.00 161.00 OK
r-patched-linux-x86_64 1.6.0 12.23 135.81 148.04 NOTE
r-release-linux-x86_64 1.6.0 12.23 133.77 146.00 NOTE
r-release-macos-arm64 1.6.0 64.00 OK
r-release-macos-x86_64 2.0.1 126.00 OK
r-release-windows-x86_64 2.0.1 15.00 147.00 162.00 OK
r-oldrel-macos-arm64 1.6.0 71.00 OK
r-oldrel-macos-x86_64 2.0.1 149.00 OK
r-oldrel-windows-x86_64 2.0.1 17.00 175.00 192.00 OK

Check Details

Version: 1.6.0
Check: Rd cross-references
Result: NOTE Found the following Rd file(s) with Rd \link{} targets missing package anchors: as.npregbw.Rd: npregbw, npreg dens_test.Rd: DCdensity Please provide package anchors for all Rd \link{} targets not in the package itself and the base packages. Flavors: r-devel-linux-x86_64-debian-clang, r-patched-linux-x86_64, r-release-linux-x86_64