Last updated on 2024-05-02 04:00:31 CEST.
Flavor | Version | Tinstall | Tcheck | Ttotal | Status | Flags |
---|---|---|---|---|---|---|
r-devel-linux-x86_64-debian-clang | 2.0.0 | 5.13 | 26.67 | 31.80 | OK | |
r-devel-linux-x86_64-debian-gcc | 2.0.0 | 4.10 | 20.49 | 24.59 | OK | |
r-devel-linux-x86_64-fedora-clang | 2.0.0 | 38.54 | NOTE | |||
r-devel-linux-x86_64-fedora-gcc | 2.0.0 | 36.42 | OK | |||
r-devel-windows-x86_64 | 2.0.0 | 7.00 | 42.00 | 49.00 | NOTE | |
r-patched-linux-x86_64 | 2.0.0 | 5.14 | 25.83 | 30.97 | OK | |
r-release-linux-x86_64 | 2.0.0 | 4.13 | 25.36 | 29.49 | OK | |
r-release-macos-arm64 | 2.0.0 | 17.00 | NOTE | |||
r-release-windows-x86_64 | 2.0.0 | 7.00 | 44.00 | 51.00 | NOTE | |
r-oldrel-macos-arm64 | 2.0.0 | 18.00 | NOTE | |||
r-oldrel-macos-x86_64 | 2.0.0 | 24.00 | NOTE | |||
r-oldrel-windows-x86_64 | 2.0.0 | 7.00 | 44.00 | 51.00 | NOTE |
Version: 2.0.0
Check: installed package size
Result: NOTE
installed size is 7.8Mb
sub-directories of 1Mb or more:
corpora 7.6Mb
Flavors: r-devel-linux-x86_64-fedora-clang, r-devel-windows-x86_64, r-release-macos-arm64, r-release-windows-x86_64, r-oldrel-macos-arm64, r-oldrel-macos-x86_64, r-oldrel-windows-x86_64