Last updated on 2024-05-02 04:00:31 CEST.
Flavor | Version | Tinstall | Tcheck | Ttotal | Status | Flags |
---|---|---|---|---|---|---|
r-devel-linux-x86_64-debian-clang | 0.2.0 | 652.33 | 223.99 | 876.32 | NOTE | |
r-devel-linux-x86_64-debian-gcc | 0.2.0 | 545.65 | 195.52 | 741.17 | NOTE | |
r-devel-linux-x86_64-fedora-clang | 0.2.0 | 1022.12 | NOTE | |||
r-devel-linux-x86_64-fedora-gcc | 0.2.0 | 1307.36 | NOTE | |||
r-devel-windows-x86_64 | 0.2.0 | 418.00 | 218.00 | 636.00 | NOTE | |
r-patched-linux-x86_64 | 0.2.0 | 0.01 | 2.71 | 2.72 | ERROR | |
r-release-linux-x86_64 | 0.2.0 | 490.25 | 256.58 | 746.83 | NOTE | |
r-release-macos-arm64 | 0.2.0 | 248.00 | NOTE | |||
r-release-windows-x86_64 | 0.2.0 | 469.00 | 213.00 | 682.00 | NOTE | |
r-oldrel-macos-arm64 | 0.2.0 | 254.00 | NOTE | |||
r-oldrel-macos-x86_64 | 0.2.0 | 434.00 | NOTE | |||
r-oldrel-windows-x86_64 | 0.2.0 | 597.00 | 260.00 | 857.00 | NOTE |
Version: 0.2.0
Check: Rd files
Result: NOTE
checkRd: (-1) mig_calculate_rc.Rd:28: Lost braces; missing escapes or markup?
28 | \item pre-working age: {a1, alpha1}
| ^
checkRd: (-1) mig_calculate_rc.Rd:29: Lost braces; missing escapes or markup?
29 | \item working age: {a2, alpha2, mu2, lambda2}
| ^
checkRd: (-1) mig_calculate_rc.Rd:30: Lost braces; missing escapes or markup?
30 | \item retirement: {a3, alpha3, mu3, lambda3}
| ^
checkRd: (-1) mig_calculate_rc.Rd:31: Lost braces; missing escapes or markup?
31 | \item post retirement: {a4, lambda4}
| ^
Flavors: r-devel-linux-x86_64-debian-clang, r-devel-linux-x86_64-debian-gcc, r-devel-linux-x86_64-fedora-clang, r-devel-linux-x86_64-fedora-gcc, r-devel-windows-x86_64, r-release-linux-x86_64, r-release-macos-arm64, r-release-windows-x86_64
Version: 0.2.0
Check: for GNU extensions in Makefiles
Result: NOTE
GNU make is a SystemRequirements.
Flavors: r-devel-linux-x86_64-debian-clang, r-devel-linux-x86_64-debian-gcc, r-devel-linux-x86_64-fedora-clang, r-devel-linux-x86_64-fedora-gcc, r-devel-windows-x86_64, r-release-linux-x86_64, r-release-macos-arm64, r-release-windows-x86_64, r-oldrel-macos-arm64, r-oldrel-macos-x86_64, r-oldrel-windows-x86_64
Version: 0.2.0
Check: installed package size
Result: NOTE
installed size is 6.4Mb
sub-directories of 1Mb or more:
libs 5.6Mb
Flavors: r-devel-linux-x86_64-fedora-clang, r-devel-windows-x86_64, r-release-macos-arm64, r-release-windows-x86_64, r-oldrel-macos-arm64, r-oldrel-macos-x86_64, r-oldrel-windows-x86_64
Version: 0.2.0
Check: dependencies in R code
Result: NOTE
Namespaces in Imports field not imported from:
‘RcppParallel’ ‘rstantools’ ‘shinythemes’
All declared Imports should be used.
Flavors: r-devel-linux-x86_64-fedora-clang, r-devel-linux-x86_64-fedora-gcc
Version: 0.2.0
Check: whether package can be installed
Result: ERROR
Installation failed.
Flavor: r-patched-linux-x86_64