CRAN Package Check Results for Package rbtt

Last updated on 2025-07-03 04:51:06 CEST.

Flavor Version Tinstall Tcheck Ttotal Status Flags
r-devel-linux-x86_64-debian-clang 0.1.0 2.35 24.33 26.68 OK
r-devel-linux-x86_64-debian-gcc 0.1.0 1.86 19.62 21.48 OK
r-devel-linux-x86_64-fedora-clang 0.1.0 39.61 OK
r-devel-linux-x86_64-fedora-gcc 0.1.0 37.41 OK
r-devel-windows-x86_64 0.1.0 4.00 47.00 51.00 OK
r-patched-linux-x86_64 0.1.0 2.29 21.82 24.11 OK
r-release-linux-x86_64 0.1.0 2.16 22.08 24.24 OK
r-release-macos-arm64 0.1.0 19.00 OK
r-release-macos-x86_64 0.1.0 36.00 OK
r-release-windows-x86_64 0.1.0 3.00 49.00 52.00 OK
r-oldrel-macos-arm64 0.1.0 19.00 NOTE
r-oldrel-macos-x86_64 0.1.0 26.00 NOTE
r-oldrel-windows-x86_64 0.1.0 3.00 51.00 54.00 NOTE

Check Details

Version: 0.1.0
Check: LazyData
Result: NOTE 'LazyData' is specified without a 'data' directory Flavors: r-oldrel-macos-arm64, r-oldrel-macos-x86_64, r-oldrel-windows-x86_64