CRAN Package Check Results for Package rbmi

Last updated on 2024-06-14 03:57:32 CEST.

Flavor Version Tinstall Tcheck Ttotal Status Flags
r-devel-linux-x86_64-debian-clang 1.2.6 203.01 369.18 572.19 NOTE
r-devel-linux-x86_64-debian-gcc 1.2.6 0.61 1.96 2.57 ERROR
r-devel-linux-x86_64-fedora-clang 1.2.6 710.43 NOTE
r-devel-linux-x86_64-fedora-gcc 1.2.6 809.74 NOTE
r-devel-windows-x86_64 1.2.6 166.00 347.00 513.00 NOTE
r-patched-linux-x86_64 1.2.6 150.41 368.97 519.38 NOTE
r-release-linux-x86_64 1.2.6 179.58 360.69 540.27 NOTE
r-release-macos-arm64 1.2.6 187.00 NOTE
r-release-macos-x86_64 1.2.6 397.00 NOTE
r-release-windows-x86_64 1.2.6 156.00 351.00 507.00 NOTE
r-oldrel-macos-arm64 1.2.6 178.00 NOTE
r-oldrel-macos-x86_64 1.2.6 491.00 NOTE
r-oldrel-windows-x86_64 1.2.6 217.00 439.00 656.00 NOTE

Check Details

Version: 1.2.6
Check: for GNU extensions in Makefiles
Result: NOTE GNU make is a SystemRequirements. Flavors: r-devel-linux-x86_64-debian-clang, r-devel-linux-x86_64-fedora-clang, r-devel-linux-x86_64-fedora-gcc, r-devel-windows-x86_64, r-patched-linux-x86_64, r-release-linux-x86_64, r-release-macos-arm64, r-release-macos-x86_64, r-release-windows-x86_64, r-oldrel-macos-arm64, r-oldrel-macos-x86_64, r-oldrel-windows-x86_64

Version: 1.2.6
Check: package dependencies
Result: ERROR Packages required but not available: 'mmrm', 'rstan' Packages suggested but not available for checking: 'dplyr', 'tidyr', 'testthat', 'tibble', 'lubridate', 'purrr', 'ggplot2' See section ‘The DESCRIPTION file’ in the ‘Writing R Extensions’ manual. Flavor: r-devel-linux-x86_64-debian-gcc

Version: 1.2.6
Check: installed package size
Result: NOTE installed size is 54.5Mb sub-directories of 1Mb or more: libs 53.3Mb Flavors: r-release-macos-arm64, r-release-macos-x86_64, r-oldrel-macos-arm64, r-oldrel-macos-x86_64