Last updated on 2024-07-27 03:49:38 CEST.
Flavor | Version | Tinstall | Tcheck | Ttotal | Status | Flags |
---|---|---|---|---|---|---|
r-devel-linux-x86_64-debian-clang | 1.1 | 1.87 | 25.39 | 27.26 | OK | |
r-devel-linux-x86_64-debian-gcc | 1.1 | 1.52 | 19.92 | 21.44 | OK | |
r-devel-linux-x86_64-fedora-clang | 1.1 | 36.03 | NOTE | |||
r-devel-linux-x86_64-fedora-gcc | 1.1 | 45.21 | OK | |||
r-devel-windows-x86_64 | 1.1 | 2.00 | 51.00 | 53.00 | OK | |
r-patched-linux-x86_64 | 1.1 | OK | ||||
r-release-linux-x86_64 | 1.1 | 1.63 | 24.78 | 26.41 | OK | |
r-release-macos-arm64 | 1.1 | 19.00 | OK | |||
r-release-macos-x86_64 | 1.1 | 30.00 | OK | |||
r-release-windows-x86_64 | 1.1 | 3.00 | 49.00 | 52.00 | OK | |
r-oldrel-macos-arm64 | 1.1 | 19.00 | OK | |||
r-oldrel-macos-x86_64 | 1.1 | 29.00 | OK | |||
r-oldrel-windows-x86_64 | 1.1 | 4.00 | 46.00 | 50.00 | OK |
Version: 1.1
Check: Rd cross-references
Result: NOTE
Undeclared package ‘exactci’ in Rd xrefs
Flavor: r-devel-linux-x86_64-fedora-clang