CRAN Package Check Results for Package racir

Last updated on 2025-05-09 04:52:06 CEST.

Flavor Version Tinstall Tcheck Ttotal Status Flags
r-devel-linux-x86_64-debian-clang 2.0.0 2.09 28.59 30.68 OK
r-devel-linux-x86_64-debian-gcc 2.0.0 1.60 23.41 25.01 OK
r-devel-linux-x86_64-fedora-clang 2.0.0 51.45 OK
r-devel-linux-x86_64-fedora-gcc 2.0.0 62.87 OK
r-devel-windows-x86_64 2.0.0 4.00 47.00 51.00 OK
r-patched-linux-x86_64 2.0.0 1.98 27.75 29.73 OK
r-release-linux-x86_64 2.0.0 2.08 27.31 29.39 OK
r-release-macos-arm64 2.0.0 22.00 OK
r-release-macos-x86_64 2.0.0 40.00 OK
r-release-windows-x86_64 2.0.0 4.00 50.00 54.00 OK
r-oldrel-macos-arm64 2.0.0 23.00 NOTE
r-oldrel-macos-x86_64 2.0.0 37.00 NOTE
r-oldrel-windows-x86_64 2.0.0 3.00 54.00 57.00 NOTE

Check Details

Version: 2.0.0
Check: LazyData
Result: NOTE 'LazyData' is specified without a 'data' directory Flavors: r-oldrel-macos-arm64, r-oldrel-macos-x86_64, r-oldrel-windows-x86_64