Last updated on 2024-05-02 04:00:33 CEST.
Flavor | Version | Tinstall | Tcheck | Ttotal | Status | Flags |
---|---|---|---|---|---|---|
r-devel-linux-x86_64-debian-clang | 0.3.2 | 11.83 | 79.84 | 91.67 | NOTE | |
r-devel-linux-x86_64-debian-gcc | 0.3.2 | 9.36 | 57.84 | 67.20 | NOTE | |
r-devel-linux-x86_64-fedora-clang | 0.3.2 | 110.96 | NOTE | |||
r-devel-linux-x86_64-fedora-gcc | 0.3.2 | 110.89 | NOTE | |||
r-devel-windows-x86_64 | 0.3.2 | 11.00 | 81.00 | 92.00 | NOTE | |
r-patched-linux-x86_64 | 0.3.2 | 12.67 | 73.59 | 86.26 | NOTE | |
r-release-linux-x86_64 | 0.3.2 | 7.77 | 74.52 | 82.29 | NOTE | |
r-release-macos-arm64 | 0.3.2 | 28.00 | NOTE | |||
r-release-windows-x86_64 | 0.3.2 | 11.00 | 83.00 | 94.00 | NOTE | |
r-oldrel-macos-arm64 | 0.3.2 | 35.00 | NOTE | |||
r-oldrel-macos-x86_64 | 0.3.2 | 48.00 | NOTE | |||
r-oldrel-windows-x86_64 | 0.3.2 | 13.00 | 96.00 | 109.00 | NOTE |
Version: 0.3.2
Check: LazyData
Result: NOTE
'LazyData' is specified without a 'data' directory
Flavors: r-devel-linux-x86_64-debian-clang, r-devel-linux-x86_64-debian-gcc, r-devel-linux-x86_64-fedora-clang, r-devel-linux-x86_64-fedora-gcc, r-devel-windows-x86_64, r-patched-linux-x86_64, r-release-linux-x86_64, r-release-macos-arm64, r-release-windows-x86_64, r-oldrel-macos-arm64, r-oldrel-macos-x86_64, r-oldrel-windows-x86_64