Last updated on 2025-05-09 04:52:06 CEST.
Flavor | Version | Tinstall | Tcheck | Ttotal | Status | Flags |
---|---|---|---|---|---|---|
r-devel-linux-x86_64-debian-clang | 0.1.1 | 7.66 | 93.41 | 101.07 | NOTE | |
r-devel-linux-x86_64-debian-gcc | 0.1.1 | 4.96 | 66.54 | 71.50 | NOTE | |
r-devel-linux-x86_64-fedora-clang | 0.1.1 | 142.88 | NOTE | |||
r-devel-linux-x86_64-fedora-gcc | 0.1.1 | 160.62 | NOTE | |||
r-devel-windows-x86_64 | 0.1.1 | 9.00 | 107.00 | 116.00 | NOTE | |
r-patched-linux-x86_64 | 0.1.1 | 8.32 | 85.45 | 93.77 | NOTE | |
r-release-linux-x86_64 | 0.1.1 | 6.89 | 85.52 | 92.41 | NOTE | |
r-release-macos-arm64 | 0.1.1 | 50.00 | NOTE | |||
r-release-macos-x86_64 | 0.1.1 | 95.00 | NOTE | |||
r-release-windows-x86_64 | 0.1.1 | 11.00 | 105.00 | 116.00 | NOTE | |
r-oldrel-macos-arm64 | 0.1.1 | 49.00 | OK | |||
r-oldrel-macos-x86_64 | 0.1.1 | 74.00 | OK | |||
r-oldrel-windows-x86_64 | 0.1.1 | 12.00 | 129.00 | 141.00 | OK |
Version: 0.1.1
Check: DESCRIPTION meta-information
Result: NOTE
Missing dependency on R >= 4.1.0 because package code uses the pipe
|> or function shorthand \(...) syntax added in R 4.1.0.
File(s) using such syntax:
‘2d.R’ ‘assign_data.Rd’ ‘avg_highd_data.Rd’ ‘compute_std_counts.Rd’
‘find_low_dens_hex.Rd’ ‘find_pts.Rd’ ‘geom_trimesh.R’ ‘highd.R’
‘model.R’ ‘parameters.R’ ‘prediction.R’ ‘show_langevitour.Rd’
‘stat_trimesh.R’
Flavors: r-devel-linux-x86_64-debian-clang, r-devel-linux-x86_64-debian-gcc, r-devel-linux-x86_64-fedora-clang, r-devel-linux-x86_64-fedora-gcc, r-devel-windows-x86_64, r-patched-linux-x86_64, r-release-linux-x86_64, r-release-macos-arm64, r-release-windows-x86_64
Version: 0.1.1
Check: DESCRIPTION meta-information
Result: NOTE
Missing dependency on R >= 4.1.0 because package code uses the pipe
|> or function shorthand \(...) syntax added in R 4.1.0.
File(s) using such syntax:
‘2d.R’ ‘geom_trimesh.R’ ‘highd.R’ ‘model.R’ ‘parameters.R’
‘prediction.R’ ‘stat_trimesh.R’
Flavor: r-release-macos-x86_64