Last updated on 2025-07-27 05:48:40 CEST.
Flavor | Version | Tinstall | Tcheck | Ttotal | Status | Flags |
---|---|---|---|---|---|---|
r-devel-linux-x86_64-debian-clang | 0.9.0 | 90.20 | 23.42 | 113.62 | OK | |
r-devel-linux-x86_64-debian-gcc | 0.9.0 | 76.17 | 18.77 | 94.94 | OK | |
r-devel-linux-x86_64-fedora-clang | 0.9.0 | 221.14 | OK | |||
r-devel-linux-x86_64-fedora-gcc | 0.9.0 | 262.03 | OK | |||
r-devel-windows-x86_64 | 0.9.0 | 112.00 | 94.00 | 206.00 | OK | |
r-release-linux-x86_64 | 0.9.0 | 109.47 | 21.88 | 131.35 | OK | |
r-release-macos-x86_64 | 0.9.0 | 115.00 | OK | |||
r-release-windows-x86_64 | 0.9.0 | 102.00 | 73.00 | 175.00 | OK | |
r-oldrel-macos-x86_64 | 0.9.0 | 98.00 | NOTE | |||
r-oldrel-windows-x86_64 | 0.9.0 | 133.00 | 94.00 | 227.00 | OK |
Version: 0.9.0
Check: installed package size
Result: NOTE
installed size is 15.5Mb
sub-directories of 1Mb or more:
libs 15.4Mb
Flavor: r-oldrel-macos-x86_64