Last updated on 2024-05-02 04:00:30 CEST.
Flavor | Version | Tinstall | Tcheck | Ttotal | Status | Flags |
---|---|---|---|---|---|---|
r-devel-linux-x86_64-debian-clang | 1.0.2 | 15.11 | 150.12 | 165.23 | NOTE | |
r-devel-linux-x86_64-debian-gcc | 1.0.2 | 9.34 | 109.11 | 118.45 | NOTE | |
r-devel-linux-x86_64-fedora-clang | 1.0.2 | 201.13 | NOTE | |||
r-devel-linux-x86_64-fedora-gcc | 1.0.2 | 202.96 | NOTE | |||
r-devel-windows-x86_64 | 1.0.2 | 11.00 | 124.00 | 135.00 | NOTE | |
r-patched-linux-x86_64 | 1.0.2 | 13.01 | 144.60 | 157.61 | NOTE | |
r-release-linux-x86_64 | 1.0.2 | 14.36 | 141.43 | 155.79 | NOTE | |
r-release-macos-arm64 | 1.0.2 | 58.00 | NOTE | |||
r-release-windows-x86_64 | 1.0.2 | 12.00 | 120.00 | 132.00 | NOTE | |
r-oldrel-macos-arm64 | 1.0.2 | 61.00 | NOTE | |||
r-oldrel-macos-x86_64 | 1.0.2 | 155.00 | NOTE | |||
r-oldrel-windows-x86_64 | 1.0.2 | 14.00 | 153.00 | 167.00 | NOTE |
Version: 1.0.2
Check: package dependencies
Result: NOTE
Package suggested but not available for checking: ‘fastshp’
Flavors: r-devel-linux-x86_64-debian-clang, r-devel-linux-x86_64-debian-gcc, r-devel-linux-x86_64-fedora-clang, r-devel-linux-x86_64-fedora-gcc, r-devel-windows-x86_64, r-patched-linux-x86_64, r-release-linux-x86_64, r-release-macos-arm64, r-release-windows-x86_64, r-oldrel-macos-arm64, r-oldrel-macos-x86_64, r-oldrel-windows-x86_64