Last updated on 2025-05-09 04:52:06 CEST.
Flavor | Version | Tinstall | Tcheck | Ttotal | Status | Flags |
---|---|---|---|---|---|---|
r-devel-linux-x86_64-debian-clang | 0.1.0 | 1.66 | 15.84 | 17.50 | NOTE | |
r-devel-linux-x86_64-debian-gcc | 0.1.0 | 1.30 | 13.13 | 14.43 | NOTE | |
r-devel-linux-x86_64-fedora-clang | 0.1.0 | 27.47 | OK | |||
r-devel-linux-x86_64-fedora-gcc | 0.1.0 | 26.21 | OK | |||
r-devel-windows-x86_64 | 0.1.0 | 3.00 | 37.00 | 40.00 | OK | |
r-patched-linux-x86_64 | 0.1.0 | 1.55 | 15.14 | 16.69 | OK | |
r-release-linux-x86_64 | 0.1.0 | 1.53 | 15.21 | 16.74 | OK | |
r-release-macos-arm64 | 0.1.0 | 14.00 | OK | |||
r-release-macos-x86_64 | 0.1.0 | 26.00 | OK | |||
r-release-windows-x86_64 | 0.1.0 | 3.00 | 41.00 | 44.00 | OK | |
r-oldrel-macos-arm64 | 0.1.0 | 14.00 | OK | |||
r-oldrel-macos-x86_64 | 0.1.0 | 18.00 | OK | |||
r-oldrel-windows-x86_64 | 0.1.0 | 3.00 | 41.00 | 44.00 | OK |
Version: 0.1.0
Check: CRAN incoming feasibility
Result: NOTE
Maintainer: ‘Siva Rajesh Kasa <sivarajesh.kasa@gmail.com>’
No Authors@R field in DESCRIPTION.
Please add one, modifying
Authors@R: c(person(family = "Kasa",
role = "aut"),
person(given = c("Siva", "Rajesh"),
family = "Kasa",
role = "cre",
email = "sivarajesh.kasa@gmail.com"))
as necessary.
Flavors: r-devel-linux-x86_64-debian-clang, r-devel-linux-x86_64-debian-gcc