Last updated on 2025-02-20 04:51:25 CET.
Flavor | Version | Tinstall | Tcheck | Ttotal | Status | Flags |
---|---|---|---|---|---|---|
r-devel-linux-x86_64-debian-clang | 1.2.4 | 16.67 | 152.42 | 169.09 | NOTE | |
r-devel-linux-x86_64-debian-gcc | 1.2.4 | 11.83 | 109.02 | 120.85 | NOTE | |
r-devel-linux-x86_64-fedora-clang | 1.2.4 | 262.20 | OK | |||
r-devel-linux-x86_64-fedora-gcc | 1.2.4 | 257.26 | OK | |||
r-devel-macos-arm64 | 1.2.4 | 83.00 | OK | |||
r-devel-macos-x86_64 | 1.2.4 | 152.00 | OK | |||
r-devel-windows-x86_64 | 1.2.4 | 21.00 | 204.00 | 225.00 | NOTE | |
r-patched-linux-x86_64 | 1.2.4 | 22.74 | 143.81 | 166.55 | OK | |
r-release-linux-x86_64 | 1.2.4 | 16.27 | 142.09 | 158.36 | OK | |
r-release-macos-arm64 | 1.2.4 | 79.00 | NOTE | |||
r-release-macos-x86_64 | 1.2.4 | 115.00 | NOTE | |||
r-release-windows-x86_64 | 1.2.4 | 20.00 | 178.00 | 198.00 | NOTE | |
r-oldrel-macos-arm64 | 1.2.4 | 84.00 | NOTE | |||
r-oldrel-macos-x86_64 | 1.2.4 | 143.00 | NOTE | |||
r-oldrel-windows-x86_64 | 1.2.4 | 25.00 | 218.00 | 243.00 | ERROR |
Version: 1.2.4
Check: Rd cross-references
Result: NOTE
Found the following Rd file(s) with Rd \link{} targets missing package
anchors:
ggplot_pxg.Rd: plot_coef
ggplot_scan1.Rd: plot_snpasso
Please provide package anchors for all Rd \link{} targets not in the
package itself and the base packages.
Flavors: r-devel-linux-x86_64-debian-clang, r-devel-linux-x86_64-debian-gcc, r-devel-windows-x86_64
Version: 1.2.4
Check: installed package size
Result: NOTE
installed size is 5.3Mb
sub-directories of 1Mb or more:
doc 4.4Mb
Flavors: r-release-macos-arm64, r-release-macos-x86_64, r-release-windows-x86_64, r-oldrel-macos-arm64, r-oldrel-macos-x86_64, r-oldrel-windows-x86_64
Version: 1.2.4
Check: re-building of vignette outputs
Result: ERROR
Error(s) in re-building vignettes:
--- re-building 'qtl2ggplot.Rmd' using rmarkdown
trying URL 'https://raw.githubusercontent.com/rqtl/qtl2data/master/DOex/DOex_alleleprobs.rds'
Content type 'application/octet-stream' length 4912794 bytes (4.7 MB)
==================================================
downloaded 4.7 MB
trying URL 'https://raw.githubusercontent.com/rqtl/qtl2data/master/DOex/DOex_genoprobs.rds'
Content type 'application/octet-stream' length 20180952 bytes (19.2 MB)
========================================
downloaded 15.4 MB
Quitting from lines 174-181 [unnamed-chunk-26] (qtl2ggplot.Rmd)
Error: processing vignette 'qtl2ggplot.Rmd' failed with diagnostics:
download from 'https://raw.githubusercontent.com/rqtl/qtl2data/master/DOex/DOex_genoprobs.rds' failed
--- failed re-building 'qtl2ggplot.Rmd'
SUMMARY: processing the following file failed:
'qtl2ggplot.Rmd'
Error: Vignette re-building failed.
Execution halted
Flavor: r-oldrel-windows-x86_64