Last updated on 2024-05-01 03:53:47 CEST.
Flavor | Version | Tinstall | Tcheck | Ttotal | Status | Flags |
---|---|---|---|---|---|---|
r-devel-linux-x86_64-debian-clang | 0.5.1 | 11.30 | 112.72 | 124.02 | OK | |
r-devel-linux-x86_64-debian-gcc | 0.5.1 | 8.78 | 79.95 | 88.73 | OK | |
r-devel-linux-x86_64-fedora-clang | 0.5.1 | 148.64 | OK | |||
r-devel-linux-x86_64-fedora-gcc | 0.5.1 | 150.35 | OK | |||
r-devel-windows-x86_64 | 0.5.1 | 10.00 | 90.00 | 100.00 | OK | |
r-patched-linux-x86_64 | 0.5.1 | 15.56 | 104.74 | 120.30 | OK | |
r-release-linux-x86_64 | 0.5.1 | 11.29 | 105.11 | 116.40 | OK | |
r-release-macos-arm64 | 0.5.1 | 46.00 | OK | |||
r-release-windows-x86_64 | 0.5.1 | 11.00 | 90.00 | 101.00 | OK | |
r-oldrel-macos-arm64 | 0.5.1 | 46.00 | OK | |||
r-oldrel-macos-x86_64 | 0.5.1 | 68.00 | NOTE | |||
r-oldrel-windows-x86_64 | 0.5.1 | 9.00 | 113.00 | 122.00 | OK |
Version: 0.5.1
Check: package dependencies
Result: NOTE
Package suggested but not available for checking: ‘rCBA’
Flavor: r-oldrel-macos-x86_64