Last updated on 2025-02-06 05:49:18 CET.
Flavor | Version | Tinstall | Tcheck | Ttotal | Status | Flags |
---|---|---|---|---|---|---|
r-devel-linux-x86_64-debian-clang | 3.2.4 | 10.24 | 112.11 | 122.35 | NOTE | |
r-devel-linux-x86_64-debian-gcc | 3.2.4 | 6.75 | 75.55 | 82.30 | NOTE | |
r-devel-linux-x86_64-fedora-clang | 3.2.4 | 194.31 | NOTE | |||
r-devel-linux-x86_64-fedora-gcc | 3.2.4 | 197.40 | NOTE | |||
r-devel-windows-x86_64 | 3.2.4 | 13.00 | 149.00 | 162.00 | NOTE | |
r-patched-linux-x86_64 | 3.2.4 | 10.43 | 104.78 | 115.21 | OK | |
r-release-linux-x86_64 | 3.2.4 | 10.10 | 104.29 | 114.39 | OK | |
r-release-macos-arm64 | 3.2.4 | 68.00 | OK | |||
r-release-macos-x86_64 | 3.2.4 | 117.00 | OK | |||
r-release-windows-x86_64 | 3.2.4 | 11.00 | 156.00 | 167.00 | OK | |
r-oldrel-macos-arm64 | 3.2.4 | 64.00 | OK | |||
r-oldrel-macos-x86_64 | 3.2.4 | 132.00 | OK | |||
r-oldrel-windows-x86_64 | 3.2.4 | 14.00 | 170.00 | 184.00 | OK |
Version: 3.2.4
Check: DESCRIPTION meta-information
Result: NOTE
Missing dependency on R >= 4.1.0 because package code uses the pipe
|> or function shorthand \(...) syntax added in R 4.1.0.
File(s) using such syntax:
‘pwrFDR.R’
Flavors: r-devel-linux-x86_64-debian-clang, r-devel-linux-x86_64-debian-gcc, r-devel-linux-x86_64-fedora-clang, r-devel-linux-x86_64-fedora-gcc, r-devel-windows-x86_64