Last updated on 2025-07-27 05:48:39 CEST.
Flavor | Version | Tinstall | Tcheck | Ttotal | Status | Flags |
---|---|---|---|---|---|---|
r-devel-linux-x86_64-debian-clang | 1.0.1 | 2.52 | 60.25 | 62.77 | OK | |
r-devel-linux-x86_64-debian-gcc | 1.0.1 | 2.02 | 43.62 | 45.64 | OK | |
r-devel-linux-x86_64-fedora-clang | 1.0.1 | 94.15 | NOTE | |||
r-devel-linux-x86_64-fedora-gcc | 1.0.1 | 104.82 | NOTE | |||
r-devel-windows-x86_64 | 1.0.1 | 5.00 | 76.00 | 81.00 | OK | |
r-patched-linux-x86_64 | 1.0.1 | 2.90 | 55.56 | 58.46 | OK | |
r-release-linux-x86_64 | 1.0.1 | 2.47 | 55.16 | 57.63 | OK | |
r-release-macos-arm64 | 1.0.1 | 48.00 | OK | |||
r-release-macos-x86_64 | 1.0.1 | 133.00 | OK | |||
r-release-windows-x86_64 | 1.0.1 | 4.00 | 74.00 | 78.00 | OK | |
r-oldrel-macos-arm64 | 1.0.1 | 37.00 | OK | |||
r-oldrel-macos-x86_64 | 1.0.1 | 117.00 | OK | |||
r-oldrel-windows-x86_64 | 1.0.1 | 7.00 | 90.00 | 97.00 | OK |
Version: 1.0.1
Check: dependencies in R code
Result: NOTE
Namespaces in Imports field not imported from:
‘devtools’ ‘qpdf’
All declared Imports should be used.
Flavors: r-devel-linux-x86_64-fedora-clang, r-devel-linux-x86_64-fedora-gcc