Last updated on 2025-05-09 04:52:06 CEST.
Flavor | Version | Tinstall | Tcheck | Ttotal | Status | Flags |
---|---|---|---|---|---|---|
r-devel-linux-x86_64-debian-clang | 0.1.0 | 4.42 | 38.09 | 42.51 | NOTE | |
r-devel-linux-x86_64-debian-gcc | 0.1.0 | 3.21 | 28.68 | 31.89 | NOTE | |
r-devel-linux-x86_64-fedora-clang | 0.1.0 | 66.37 | OK | |||
r-devel-linux-x86_64-fedora-gcc | 0.1.0 | 63.15 | OK | |||
r-devel-windows-x86_64 | 0.1.0 | 7.00 | 58.00 | 65.00 | NOTE | |
r-patched-linux-x86_64 | 0.1.0 | 4.59 | 36.07 | 40.66 | NOTE | |
r-release-linux-x86_64 | 0.1.0 | 4.17 | 35.92 | 40.09 | NOTE | |
r-release-macos-arm64 | 0.1.0 | 24.00 | OK | |||
r-release-macos-x86_64 | 0.1.0 | 56.00 | OK | |||
r-release-windows-x86_64 | 0.1.0 | 7.00 | 61.00 | 68.00 | NOTE | |
r-oldrel-macos-arm64 | 0.1.0 | 24.00 | OK | |||
r-oldrel-macos-x86_64 | 0.1.0 | 34.00 | OK | |||
r-oldrel-windows-x86_64 | 0.1.0 | 8.00 | 65.00 | 73.00 | OK |
Version: 0.1.0
Check: Rd cross-references
Result: NOTE
Found the following Rd file(s) with Rd \link{} targets missing package
anchors:
as.protoclust.Rd: protoclust
Please provide package anchors for all Rd \link{} targets not in the
package itself and the base packages.
Flavors: r-devel-linux-x86_64-debian-clang, r-devel-linux-x86_64-debian-gcc, r-devel-windows-x86_64, r-patched-linux-x86_64, r-release-linux-x86_64, r-release-windows-x86_64