Last updated on 2025-05-09 04:52:06 CEST.
Flavor | Version | Tinstall | Tcheck | Ttotal | Status | Flags |
---|---|---|---|---|---|---|
r-devel-linux-x86_64-debian-clang | 1.0.5 | 10.51 | 115.18 | 125.69 | NOTE | |
r-devel-linux-x86_64-debian-gcc | 1.0.5 | 6.78 | 78.43 | 85.21 | NOTE | |
r-devel-linux-x86_64-fedora-clang | 1.0.5 | 172.15 | OK | |||
r-devel-linux-x86_64-fedora-gcc | 1.0.5 | 188.14 | OK | |||
r-devel-windows-x86_64 | 1.0.5 | 13.00 | 114.00 | 127.00 | NOTE | |
r-patched-linux-x86_64 | 1.0.5 | 9.80 | 101.12 | 110.92 | NOTE | |
r-release-linux-x86_64 | 1.0.5 | 10.48 | 100.33 | 110.81 | NOTE | |
r-release-macos-arm64 | 1.0.5 | 61.00 | OK | |||
r-release-macos-x86_64 | 1.0.5 | 99.00 | OK | |||
r-release-windows-x86_64 | 1.0.5 | 12.00 | 114.00 | 126.00 | NOTE | |
r-oldrel-macos-arm64 | 1.0.5 | 60.00 | NOTE | |||
r-oldrel-macos-x86_64 | 1.0.5 | 91.00 | NOTE | |||
r-oldrel-windows-x86_64 | 1.0.5 | 15.00 | 137.00 | 152.00 | NOTE |
Version: 1.0.5
Check: Rd cross-references
Result: NOTE
Found the following Rd file(s) with Rd \link{} targets missing package
anchors:
animate_process.Rd: process_map, JS, createWidget, sizingPolicy
Please provide package anchors for all Rd \link{} targets not in the
package itself and the base packages.
Flavors: r-devel-linux-x86_64-debian-clang, r-devel-linux-x86_64-debian-gcc, r-devel-windows-x86_64, r-patched-linux-x86_64, r-release-linux-x86_64, r-release-windows-x86_64
Version: 1.0.5
Check: installed package size
Result: NOTE
installed size is 11.5Mb
sub-directories of 1Mb or more:
doc 8.8Mb
htmlwidgets 2.5Mb
Flavors: r-oldrel-macos-arm64, r-oldrel-macos-x86_64, r-oldrel-windows-x86_64