Last updated on 2024-05-02 04:00:30 CEST.
Flavor | Version | Tinstall | Tcheck | Ttotal | Status | Flags |
---|---|---|---|---|---|---|
r-devel-linux-x86_64-debian-clang | 0.5.0 | 296.36 | 117.14 | 413.50 | NOTE | |
r-devel-linux-x86_64-debian-gcc | 0.5.0 | 219.93 | 86.95 | 306.88 | NOTE | |
r-devel-linux-x86_64-fedora-clang | 0.5.0 | 586.05 | NOTE | |||
r-devel-linux-x86_64-fedora-gcc | 0.5.0 | 487.20 | NOTE | |||
r-devel-windows-x86_64 | 0.5.0 | 261.00 | 121.00 | 382.00 | NOTE | |
r-patched-linux-x86_64 | 0.5.0 | 205.54 | 110.35 | 315.89 | NOTE | |
r-release-linux-x86_64 | 0.5.0 | 207.73 | 112.61 | 320.34 | NOTE | |
r-release-macos-arm64 | 0.5.0 | 114.00 | NOTE | |||
r-release-windows-x86_64 | 0.5.0 | 268.00 | 121.00 | 389.00 | NOTE | |
r-oldrel-macos-arm64 | 0.5.0 | 123.00 | NOTE | |||
r-oldrel-macos-x86_64 | 0.5.0 | 170.00 | NOTE | |||
r-oldrel-windows-x86_64 | 0.5.0 | 317.00 | 147.00 | 464.00 | NOTE |
Version: 0.5.0
Check: package dependencies
Result: NOTE
Packages suggested but not available for checking: 'gurobi', 'rcbc'
Flavors: r-devel-linux-x86_64-debian-clang, r-devel-linux-x86_64-debian-gcc, r-patched-linux-x86_64, r-release-linux-x86_64
Version: 0.5.0
Check: package dependencies
Result: NOTE
Packages suggested but not available for checking:
'gurobi', 'Rcplex', 'rcbc'
Flavors: r-devel-linux-x86_64-fedora-clang, r-devel-linux-x86_64-fedora-gcc, r-devel-windows-x86_64, r-release-macos-arm64, r-release-windows-x86_64, r-oldrel-macos-arm64, r-oldrel-macos-x86_64, r-oldrel-windows-x86_64
Version: 0.5.0
Check: installed package size
Result: NOTE
installed size is 5.3Mb
sub-directories of 1Mb or more:
doc 3.6Mb
Flavors: r-devel-linux-x86_64-fedora-clang, r-devel-windows-x86_64, r-release-macos-arm64, r-release-windows-x86_64, r-oldrel-macos-arm64, r-oldrel-macos-x86_64, r-oldrel-windows-x86_64