Last updated on 2024-05-01 03:53:46 CEST.
Flavor | Version | Tinstall | Tcheck | Ttotal | Status | Flags |
---|---|---|---|---|---|---|
r-devel-linux-x86_64-debian-clang | 1.3 | 25.99 | 31.45 | 57.44 | OK | |
r-devel-linux-x86_64-debian-gcc | 1.3 | 19.20 | 24.19 | 43.39 | OK | |
r-devel-linux-x86_64-fedora-clang | 1.3 | 75.87 | NOTE | |||
r-devel-linux-x86_64-fedora-gcc | 1.3 | 75.07 | NOTE | |||
r-devel-windows-x86_64 | 1.3 | 20.00 | 65.00 | 85.00 | OK | |
r-patched-linux-x86_64 | 1.3 | 23.46 | 29.35 | 52.81 | OK | |
r-release-linux-x86_64 | 1.3 | 22.67 | 30.76 | 53.43 | OK | |
r-release-macos-arm64 | 1.3 | 24.00 | OK | |||
r-release-windows-x86_64 | 1.3 | 21.00 | 71.00 | 92.00 | OK | |
r-oldrel-macos-arm64 | 1.3 | 25.00 | OK | |||
r-oldrel-macos-x86_64 | 1.3 | 39.00 | OK | |||
r-oldrel-windows-x86_64 | 1.3 | 20.00 | 67.00 | 87.00 | OK |
Version: 1.3
Check: compiled code
Result: NOTE
File ‘prclust/libs/prclust.so’:
Found no calls to: ‘R_registerRoutines’, ‘R_useDynamicSymbols’
It is good practice to register native routines and to disable symbol
search.
See ‘Writing portable packages’ in the ‘Writing R Extensions’ manual.
Flavors: r-devel-linux-x86_64-fedora-clang, r-devel-linux-x86_64-fedora-gcc