Last updated on 2025-02-20 04:51:24 CET.
Flavor | Version | Tinstall | Tcheck | Ttotal | Status | Flags |
---|---|---|---|---|---|---|
r-devel-linux-x86_64-debian-clang | 1.0.1 | 53.93 | 161.22 | 215.15 | OK | |
r-devel-linux-x86_64-debian-gcc | 1.0.1 | 39.75 | 109.00 | 148.75 | OK | |
r-devel-linux-x86_64-fedora-clang | 1.0.1 | 355.13 | OK | |||
r-devel-linux-x86_64-fedora-gcc | 1.0.1 | 339.51 | OK | |||
r-devel-macos-arm64 | 1.0.1 | 87.00 | OK | |||
r-devel-macos-x86_64 | 1.0.1 | 160.00 | OK | |||
r-devel-windows-x86_64 | 1.0.1 | 58.00 | 187.00 | 245.00 | OK | |
r-patched-linux-x86_64 | 1.0.1 | 52.15 | 149.86 | 202.01 | NOTE | |
r-release-linux-x86_64 | 1.0.1 | 52.10 | 149.17 | 201.27 | NOTE | |
r-release-macos-arm64 | 1.0.1 | 54.00 | NOTE | |||
r-release-macos-x86_64 | 1.0.1 | 94.00 | NOTE | |||
r-release-windows-x86_64 | 1.0.1 | 59.00 | 189.00 | 248.00 | NOTE | |
r-oldrel-macos-arm64 | 1.0.1 | 94.00 | NOTE | |||
r-oldrel-macos-x86_64 | 1.0.1 | 171.00 | NOTE | |||
r-oldrel-windows-x86_64 | 1.0.1 | 74.00 | 228.00 | 302.00 | NOTE |
Version: 1.0.1
Check: for GNU extensions in Makefiles
Result: NOTE
GNU make is a SystemRequirements.
Flavors: r-patched-linux-x86_64, r-release-linux-x86_64, r-release-macos-arm64, r-release-macos-x86_64, r-release-windows-x86_64, r-oldrel-macos-arm64, r-oldrel-macos-x86_64, r-oldrel-windows-x86_64
Version: 1.0.1
Check: installed package size
Result: NOTE
installed size is 5.7Mb
sub-directories of 1Mb or more:
libs 4.7Mb
Flavors: r-release-macos-arm64, r-release-macos-x86_64, r-oldrel-macos-arm64, r-oldrel-macos-x86_64