Last updated on 2025-10-16 05:51:13 CEST.
Flavor | Version | Tinstall | Tcheck | Ttotal | Status | Flags |
---|---|---|---|---|---|---|
r-devel-linux-x86_64-debian-clang | 1.1.0.1 | 7.53 | 166.40 | 173.93 | NOTE | |
r-devel-linux-x86_64-debian-gcc | 1.1.0.1 | 5.52 | 111.25 | 116.77 | NOTE | |
r-devel-linux-x86_64-fedora-clang | 1.1.0.1 | 271.88 | OK | |||
r-devel-linux-x86_64-fedora-gcc | 1.1.0.1 | 276.73 | OK | |||
r-devel-windows-x86_64 | 1.1.0.1 | 10.00 | 152.00 | 162.00 | OK | |
r-patched-linux-x86_64 | 1.1.0.1 | 10.45 | 163.84 | 174.29 | OK | |
r-release-linux-x86_64 | 1.1.0.1 | 6.96 | 165.33 | 172.29 | OK | |
r-release-macos-arm64 | 1.1.0.1 | 75.00 | OK | |||
r-release-macos-x86_64 | 1.1.0.1 | 138.00 | OK | |||
r-release-windows-x86_64 | 1.1.0.1 | 9.00 | 156.00 | 165.00 | OK | |
r-oldrel-macos-arm64 | 1.1.0.1 | 63.00 | NOTE | |||
r-oldrel-macos-x86_64 | 1.1.0.1 | 127.00 | NOTE | |||
r-oldrel-windows-x86_64 | 1.1.0.1 | 14.00 | 205.00 | 219.00 | NOTE |
Version: 1.1.0.1
Check: CRAN incoming feasibility
Result: NOTE
Maintainer: ‘Zeynel Cebeci <zcebeci@cukurova.edu.tr>’
Package CITATION file contains call(s) to old-style citEntry(). Please
use bibentry() instead.
Flavors: r-devel-linux-x86_64-debian-clang, r-devel-linux-x86_64-debian-gcc
Version: 1.1.0.1
Check: installed package size
Result: NOTE
installed size is 6.7Mb
sub-directories of 1Mb or more:
doc 6.2Mb
Flavors: r-oldrel-macos-arm64, r-oldrel-macos-x86_64, r-oldrel-windows-x86_64