CRAN Package Check Results for Package postlightmercury

Last updated on 2025-05-09 04:52:05 CEST.

Flavor Version Tinstall Tcheck Ttotal Status Flags
r-devel-linux-x86_64-debian-clang 1.2 1.49 19.46 20.95 NOTE
r-devel-linux-x86_64-debian-gcc 1.2 1.34 16.03 17.37 NOTE
r-devel-linux-x86_64-fedora-clang 1.2 31.39 OK
r-devel-linux-x86_64-fedora-gcc 1.2 30.08 OK
r-devel-windows-x86_64 1.2 4.00 40.00 44.00 OK
r-patched-linux-x86_64 1.2 1.76 18.11 19.87 OK
r-release-linux-x86_64 1.2 1.68 17.93 19.61 OK
r-release-macos-arm64 1.2 16.00 OK
r-release-macos-x86_64 1.2 24.00 OK
r-release-windows-x86_64 1.2 4.00 42.00 46.00 OK
r-oldrel-macos-arm64 1.2 16.00 NOTE
r-oldrel-macos-x86_64 1.2 21.00 NOTE
r-oldrel-windows-x86_64 1.2 3.00 45.00 48.00 NOTE

Check Details

Version: 1.2
Check: CRAN incoming feasibility
Result: NOTE Maintainer: ‘Mikkel Freltoft Krogsholm <mikkel@56n.dk>’ No Authors@R field in DESCRIPTION. Please add one, modifying Authors@R: person(given = c("Mikkel", "Freltoft"), family = "Krogsholm", role = c("aut", "cre"), email = "mikkel@56n.dk") as necessary. Flavors: r-devel-linux-x86_64-debian-clang, r-devel-linux-x86_64-debian-gcc

Version: 1.2
Check: LazyData
Result: NOTE 'LazyData' is specified without a 'data' directory Flavors: r-oldrel-macos-arm64, r-oldrel-macos-x86_64, r-oldrel-windows-x86_64